Last updated on 2024-04-18 22:52:51 CEST.
Flavor | Version | Tinstall | Tcheck | Ttotal | Status | Flags |
---|---|---|---|---|---|---|
r-devel-linux-x86_64-debian-clang | 0.5.3 | 3.30 | 33.94 | 37.24 | OK | |
r-devel-linux-x86_64-debian-gcc | 0.5.3 | 2.70 | 26.18 | 28.88 | OK | |
r-devel-linux-x86_64-fedora-clang | 0.5.3 | 47.45 | NOTE | |||
r-devel-linux-x86_64-fedora-gcc | 0.5.3 | 61.27 | NOTE | |||
r-prerel-macos-arm64 | 0.5.3 | 35.00 | OK | |||
r-prerel-windows-x86_64 | 0.5.3 | 4.00 | 52.00 | 56.00 | OK | |
r-patched-linux-x86_64 | 0.5.3 | 2.73 | 32.02 | 34.75 | OK | |
r-release-linux-x86_64 | 0.5.3 | 3.71 | 31.11 | 34.82 | OK | |
r-release-macos-arm64 | 0.5.3 | 29.00 | OK | |||
r-release-macos-x86_64 | 0.5.3 | 37.00 | OK | |||
r-release-windows-x86_64 | 0.5.3 | 5.00 | 53.00 | 58.00 | OK | |
r-oldrel-macos-arm64 | 0.5.3 | 21.00 | NOTE | |||
r-oldrel-windows-x86_64 | 0.5.3 | 5.00 | 53.00 | 58.00 | OK |
Version: 0.5.3
Check: dependencies in R code
Result: NOTE
Namespace in Imports field not imported from: ‘R6’
All declared Imports should be used.
Flavors: r-devel-linux-x86_64-fedora-clang, r-devel-linux-x86_64-fedora-gcc, r-oldrel-macos-arm64