CRAN Package Check Results for Package OEFPIL

Last updated on 2021-12-02 22:56:00 CET.

Flavor Version Tinstall Tcheck Ttotal Status Flags
r-devel-linux-x86_64-debian-clang 0.1.1 6.53 65.67 72.20 OK
r-devel-linux-x86_64-debian-gcc 0.1.1 4.71 48.04 52.75 ERROR
r-devel-linux-x86_64-fedora-clang 0.1.1 98.37 OK
r-devel-linux-x86_64-fedora-gcc 0.1.1 83.21 OK
r-devel-windows-x86_64-new-UL 0.1.1 15.00 101.00 116.00 OK
r-devel-windows-x86_64-new-TK 0.1.1 OK
r-devel-windows-x86_64-old 0.1.1 11.00 73.00 84.00 OK
r-patched-linux-x86_64 0.1.1 11.19 60.89 72.08 OK
r-patched-solaris-x86 0.1.1 119.30 OK
r-release-linux-x86_64 0.1.1 4.50 60.83 65.33 OK
r-release-macos-arm64 0.1.1 OK
r-release-macos-x86_64 0.1.1 OK
r-release-windows-ix86+x86_64 0.1.1 15.00 85.00 100.00 OK
r-oldrel-macos-x86_64 0.1.1 OK
r-oldrel-windows-ix86+x86_64 0.1.1 16.00 89.00 105.00 OK

Check Details

Version: 0.1.1
Check: examples
Result: ERROR
    Running examples in ‘OEFPIL-Ex.R’ failed
    The error most likely occurred in:
    
    > base::assign(".ptime", proc.time(), pos = "CheckExEnv")
    > ### Name: paramplot.OEFPIL
    > ### Title: Plot parameters of an OEFPIL object
    > ### Aliases: paramplot.OEFPIL
    >
    > ### ** Examples
    >
    > ## Don't show:
    > utils::example("coef.OEFPIL",echo=FALSE)
    > ## End(Don't show)
    > ##-- Continuing the coef.OEFPIL(.) example:
    >
    > n <- nrow(steamdata)
    > CM2 <- diag(c(rep(0.2^2,n), rep(0.1^2,n)))
    > st2 <- OEFPIL(steamdata, y ~ b1 * 10^(b2 * x/ (b3 + x)), list(b1 = 5, b2 = 8, b3 = 200),
    + CM2, useNLS = FALSE)
    >
    > ##Example 1 - Use of paramplot.OEFPIL function on an object of class 'OEFPIL'
    > paramplot.OEFPIL(st2)
    >
    > ##Example 2 - Use of paramplot.OEFPIL function on a list of objects of class 'OEFPIL'
    > paramplot.OEFPIL(list(st1,st2))
    Error in sum(sapply(List, `%in%`, x = NA), sapply(List, `%in%`, x = NaN), :
     invalid 'type' (list) of argument
    Calls: paramplot.OEFPIL -> IsListOK
    Execution halted
Flavor: r-devel-linux-x86_64-debian-gcc