Last updated on 2024-04-18 22:52:51 CEST.
Flavor | Version | Tinstall | Tcheck | Ttotal | Status | Flags |
---|---|---|---|---|---|---|
r-devel-linux-x86_64-debian-clang | 1.0.0 | 4.08 | 408.36 | 412.44 | NOTE | |
r-devel-linux-x86_64-debian-gcc | 1.0.0 | 3.08 | 277.23 | 280.31 | NOTE | |
r-devel-linux-x86_64-fedora-clang | 1.0.0 | 478.19 | NOTE | |||
r-devel-linux-x86_64-fedora-gcc | 1.0.0 | 520.20 | NOTE | |||
r-prerel-macos-arm64 | 1.0.0 | 124.00 | NOTE | |||
r-prerel-windows-x86_64 | 1.0.0 | 5.00 | 251.00 | 256.00 | NOTE | |
r-patched-linux-x86_64 | 1.0.0 | 2.48 | 375.15 | 377.63 | NOTE | |
r-release-linux-x86_64 | 1.0.0 | 2.45 | 372.21 | 374.66 | NOTE | |
r-release-macos-arm64 | 1.0.0 | 124.00 | NOTE | |||
r-release-macos-x86_64 | 1.0.0 | 223.00 | NOTE | |||
r-release-windows-x86_64 | 1.0.0 | 6.00 | 367.00 | 373.00 | NOTE | |
r-oldrel-macos-arm64 | 1.0.0 | 97.00 | NOTE | |||
r-oldrel-windows-x86_64 | 1.0.0 | 5.00 | 359.00 | 364.00 | NOTE |
Version: 1.0.0
Check: LazyData
Result: NOTE
'LazyData' is specified without a 'data' directory
Flavors: r-devel-linux-x86_64-debian-clang, r-devel-linux-x86_64-debian-gcc, r-devel-linux-x86_64-fedora-clang, r-devel-linux-x86_64-fedora-gcc, r-prerel-macos-arm64, r-prerel-windows-x86_64, r-patched-linux-x86_64, r-release-linux-x86_64, r-release-macos-arm64, r-release-macos-x86_64, r-release-windows-x86_64, r-oldrel-macos-arm64, r-oldrel-windows-x86_64