CRAN Package Check Results for Package ORIClust

Last updated on 2021-06-17 22:55:02 CEST.

Flavor Version Tinstall Tcheck Ttotal Status Flags
r-devel-linux-x86_64-debian-clang 1.0-1 4.58 41.32 45.90 NOTE
r-devel-linux-x86_64-debian-gcc 1.0-1 3.23 30.93 34.16 NOTE
r-devel-linux-x86_64-fedora-clang 1.0-1 64.42 NOTE
r-devel-linux-x86_64-fedora-gcc 1.0-1 53.41 NOTE
r-devel-windows-x86_64 1.0-1 6.00 54.00 60.00 NOTE
r-devel-windows-x86_64-gcc10-UCRT 1.0-1 NOTE
r-patched-linux-x86_64 1.0-1 3.99 40.65 44.64 NOTE
r-patched-solaris-x86 1.0-1 72.40 NOTE
r-release-linux-x86_64 1.0-1 3.54 40.43 43.97 NOTE
r-release-macos-arm64 1.0-1 NOTE
r-release-macos-x86_64 1.0-1 NOTE
r-release-windows-ix86+x86_64 1.0-1 6.00 43.00 49.00 NOTE
r-oldrel-macos-x86_64 1.0-1 NOTE
r-oldrel-windows-ix86+x86_64 1.0-1 6.00 51.00 57.00 NOTE

Check Details

Version: 1.0-1
Check: R code for possible problems
Result: NOTE
    ORICC1: no visible binding for global variable 'sd'
    ORICC1: no visible global function definition for 'write.table'
    ORICC1: no visible global function definition for 'postscript'
    ORICC1: no visible global function definition for 'jpeg'
    ORICC1: no visible global function definition for 'points'
    ORICC1: no visible global function definition for 'dev.off'
    ORICC1: no visible global function definition for 'par'
    ORICC2: no visible binding for global variable 'sd'
    ORICC2: no visible global function definition for 'write.table'
    ORICC2: no visible global function definition for 'postscript'
    ORICC2: no visible global function definition for 'jpeg'
    ORICC2: no visible global function definition for 'points'
    ORICC2: no visible global function definition for 'dev.off'
    ORICC2: no visible global function definition for 'par'
    Undefined global functions or variables:
     dev.off jpeg par points postscript sd write.table
    Consider adding
     importFrom("grDevices", "dev.off", "jpeg", "postscript")
     importFrom("graphics", "par", "points")
     importFrom("stats", "sd")
     importFrom("utils", "write.table")
    to your NAMESPACE file.
Flavors: r-devel-linux-x86_64-debian-clang, r-devel-linux-x86_64-debian-gcc, r-devel-linux-x86_64-fedora-clang, r-devel-linux-x86_64-fedora-gcc, r-devel-windows-x86_64, r-devel-windows-x86_64-gcc10-UCRT, r-patched-linux-x86_64, r-patched-solaris-x86, r-release-linux-x86_64, r-release-macos-arm64, r-release-macos-x86_64, r-release-windows-ix86+x86_64, r-oldrel-macos-x86_64, r-oldrel-windows-ix86+x86_64

Version: 1.0-1
Check: for non-standard things in the check directory
Result: NOTE
    Found the following files/directories:
     'cluster of fitted mean data.eps' 'cluster of fitted mean data.txt'
     'cluster of raw data.txt'
Flavors: r-devel-linux-x86_64-debian-clang, r-devel-linux-x86_64-debian-gcc, r-devel-linux-x86_64-fedora-clang, r-devel-linux-x86_64-fedora-gcc, r-patched-linux-x86_64, r-patched-solaris-x86, r-release-linux-x86_64