CRAN Package Check Results for Package ORION

Last updated on 2021-10-21 22:50:44 CEST.

Flavor Version Tinstall Tcheck Ttotal Status Flags
r-devel-linux-x86_64-debian-clang 1.0.2 6.78 93.30 100.08 OK
r-devel-linux-x86_64-debian-gcc 1.0.2 5.61 69.51 75.12 OK
r-devel-linux-x86_64-fedora-clang 1.0.2 129.89 OK
r-devel-linux-x86_64-fedora-gcc 1.0.2 119.15 OK
r-devel-windows-x86_64 1.0.2 14.00 129.00 143.00 OK
r-devel-windows-x86_64-gcc10-UCRT 1.0.2 ERROR
r-patched-linux-x86_64 1.0.2 10.61 89.95 100.56 OK
r-patched-solaris-x86 1.0.2 136.00 OK
r-release-linux-x86_64 1.0.2 6.97 89.22 96.19 OK
r-release-macos-arm64 1.0.2 OK
r-release-macos-x86_64 1.0.2 OK
r-release-windows-ix86+x86_64 1.0.2 12.00 155.00 167.00 OK
r-oldrel-macos-x86_64 1.0.2 OK
r-oldrel-windows-ix86+x86_64 1.0.2 17.00 163.00 180.00 OK

Check Details

Version: 1.0.2
Check: package dependencies
Result: ERROR
    Package required but not available: 'igraph'
    
    See section 'The DESCRIPTION file' in the 'Writing R Extensions'
    manual.
Flavor: r-devel-windows-x86_64-gcc10-UCRT