CRAN Package Check Results for Package OSMscale

Last updated on 2025-04-29 22:50:08 CEST.

Flavor Version Tinstall Tcheck Ttotal Status Flags
r-devel-linux-x86_64-debian-clang 0.5.20 31.60 294.44 326.04 NOTE
r-devel-linux-x86_64-debian-gcc 0.5.20 20.33 188.55 208.88 NOTE
r-devel-linux-x86_64-fedora-clang 0.5.20 503.39 OK
r-devel-linux-x86_64-fedora-gcc 0.5.20 483.48 OK
r-devel-windows-x86_64 0.5.20 32.00 228.00 260.00 NOTE
r-patched-linux-x86_64 0.5.20 30.80 277.18 307.98 NOTE
r-release-linux-x86_64 0.5.20 29.14 272.74 301.88 NOTE
r-release-macos-arm64 0.5.20 107.00 OK
r-release-macos-x86_64 0.5.20 237.00 OK
r-release-windows-x86_64 0.5.20 32.00 238.00 270.00 NOTE
r-oldrel-macos-arm64 0.5.20 101.00 OK
r-oldrel-macos-x86_64 0.5.20 180.00 OK
r-oldrel-windows-x86_64 0.5.20 42.00 325.00 367.00 OK

Check Details

Version: 0.5.20
Check: CRAN incoming feasibility
Result: NOTE Maintainer: ‘Berry Boessenkool <berry-b@gmx.de>’ No Authors@R field in DESCRIPTION. Please add one, modifying Authors@R: person(given = "Berry", family = "Boessenkool", role = c("aut", "cre"), email = "berry-b@gmx.de") as necessary. Flavors: r-devel-linux-x86_64-debian-clang, r-devel-linux-x86_64-debian-gcc

Version: 0.5.20
Check: Rd cross-references
Result: NOTE Found the following Rd file(s) with Rd \link{} targets missing package anchors: equidistPoints.Rd: approx2 pointsMap.Rd: openmap randomPoints.Rd: distance Please provide package anchors for all Rd \link{} targets not in the package itself and the base packages. Flavors: r-devel-linux-x86_64-debian-clang, r-devel-linux-x86_64-debian-gcc, r-devel-windows-x86_64, r-patched-linux-x86_64, r-release-linux-x86_64, r-release-windows-x86_64