CRAN Package Check Results for Package OVtool

Last updated on 2024-06-13 22:49:38 CEST.

Flavor Version Tinstall Tcheck Ttotal Status Flags
r-devel-linux-x86_64-debian-clang 1.0.3 22.76 331.37 354.13 OK
r-devel-linux-x86_64-debian-gcc 1.0.3 0.52 1.95 2.47 ERROR
r-devel-linux-x86_64-fedora-clang 1.0.3 445.91 OK
r-devel-linux-x86_64-fedora-gcc 1.0.3 435.89 OK
r-devel-windows-x86_64 1.0.3 17.00 289.00 306.00 OK
r-patched-linux-x86_64 1.0.3 12.19 318.35 330.54 OK
r-release-linux-x86_64 1.0.3 11.75 308.22 319.97 OK
r-release-macos-arm64 1.0.3 126.00 OK
r-release-macos-x86_64 1.0.3 191.00 OK
r-release-windows-x86_64 1.0.3 16.00 276.00 292.00 OK
r-oldrel-macos-arm64 1.0.3 148.00 OK
r-oldrel-macos-x86_64 1.0.3 222.00 OK
r-oldrel-windows-x86_64 1.0.3 22.00 331.00 353.00 OK

Check Details

Version: 1.0.3
Check: package dependencies
Result: ERROR Packages required but not available: 'twang', 'EnvStats', 'devtools', 'dplyr', 'ggplot2', 'ggrepel', 'metR', 'purrr', 'progress', 'tibble', 'tidyselect' See section ‘The DESCRIPTION file’ in the ‘Writing R Extensions’ manual. Flavor: r-devel-linux-x86_64-debian-gcc