CRAN Package Check Results for Package OWEA

Last updated on 2021-12-06 21:51:21 CET.

Flavor Version Tinstall Tcheck Ttotal Status Flags
r-devel-linux-x86_64-debian-clang 0.1.1 3.32 36.67 39.99 NOTE
r-devel-linux-x86_64-debian-gcc 0.1.1 2.58 28.24 30.82 NOTE
r-devel-linux-x86_64-fedora-clang 0.1.1 49.27 NOTE
r-devel-linux-x86_64-fedora-gcc 0.1.1 38.40 NOTE
r-devel-windows-x86_64-new-UL 0.1.1 9.00 60.00 69.00 NOTE
r-devel-windows-x86_64-new-TK 0.1.1 NOTE
r-devel-windows-x86_64-old 0.1.1 6.00 33.00 39.00 NOTE
r-patched-linux-x86_64 0.1.1 3.22 26.96 30.18 NOTE
r-release-linux-x86_64 0.1.1 3.22 35.57 38.79 NOTE
r-release-macos-arm64 0.1.1 NOTE
r-release-macos-x86_64 0.1.1 NOTE
r-release-windows-ix86+x86_64 0.1.1 7.00 45.00 52.00 NOTE
r-oldrel-macos-x86_64 0.1.1 OK
r-oldrel-windows-ix86+x86_64 0.1.1 7.00 49.00 56.00 OK

Check Details

Version: 0.1.1
Check: LazyData
Result: NOTE
     'LazyData' is specified without a 'data' directory
Flavors: r-devel-linux-x86_64-debian-clang, r-devel-linux-x86_64-debian-gcc, r-devel-linux-x86_64-fedora-clang, r-devel-linux-x86_64-fedora-gcc, r-devel-windows-x86_64-new-UL, r-devel-windows-x86_64-new-TK, r-devel-windows-x86_64-old, r-patched-linux-x86_64, r-release-linux-x86_64, r-release-macos-arm64, r-release-macos-x86_64, r-release-windows-ix86+x86_64