CRAN Package Check Results for Package Opt5PL

Last updated on 2024-06-19 22:54:46 CEST.

Flavor Version Tinstall Tcheck Ttotal Status Flags
r-devel-linux-x86_64-debian-clang 0.1.1 26.23 52.93 79.16 NOTE
r-devel-linux-x86_64-debian-gcc 0.1.1 18.48 38.00 56.48 NOTE
r-devel-linux-x86_64-fedora-clang 0.1.1 111.03 NOTE
r-devel-linux-x86_64-fedora-gcc 0.1.1 100.11 NOTE
r-devel-windows-x86_64 0.1.1 22.00 90.00 112.00 NOTE
r-patched-linux-x86_64 0.1.1 22.77 50.63 73.40 NOTE
r-release-linux-x86_64 0.1.1 23.19 49.84 73.03 NOTE
r-release-macos-arm64 0.1.1 27.00 NOTE
r-release-macos-x86_64 0.1.1 41.00 NOTE
r-release-windows-x86_64 0.1.1 21.00 80.00 101.00 NOTE
r-oldrel-macos-arm64 0.1.1 31.00 NOTE
r-oldrel-macos-x86_64 0.1.1 47.00 NOTE
r-oldrel-windows-x86_64 0.1.1 19.00 120.00 139.00 NOTE

Check Details

Version: 0.1.1
Check: LazyData
Result: NOTE 'LazyData' is specified without a 'data' directory Flavors: r-devel-linux-x86_64-debian-clang, r-devel-linux-x86_64-debian-gcc, r-devel-linux-x86_64-fedora-clang, r-devel-linux-x86_64-fedora-gcc, r-devel-windows-x86_64, r-patched-linux-x86_64, r-release-linux-x86_64, r-release-macos-arm64, r-release-macos-x86_64, r-release-windows-x86_64, r-oldrel-macos-arm64, r-oldrel-macos-x86_64, r-oldrel-windows-x86_64