CRAN Package Check Results for Package Opt5PL

Last updated on 2023-09-23 23:00:52 CEST.

Flavor Version Tinstall Tcheck Ttotal Status Flags
r-devel-linux-x86_64-debian-clang 0.1.1 25.07 51.93 77.00 NOTE
r-devel-linux-x86_64-debian-gcc 0.1.1 18.01 43.55 61.56 NOTE
r-devel-linux-x86_64-fedora-clang 0.1.1 102.95 NOTE
r-devel-linux-x86_64-fedora-gcc 0.1.1 106.45 NOTE
r-devel-windows-x86_64 0.1.1 18.00 82.00 100.00 NOTE
r-patched-linux-x86_64 0.1.1 27.24 52.96 80.20 NOTE
r-release-linux-x86_64 0.1.1 24.69 50.28 74.97 NOTE
r-release-macos-arm64 0.1.1 31.00 NOTE
r-release-macos-x86_64 0.1.1 47.00 NOTE
r-release-windows-x86_64 0.1.1 21.00 90.00 111.00 NOTE
r-oldrel-macos-arm64 0.1.1 30.00 NOTE
r-oldrel-macos-x86_64 0.1.1 39.00 NOTE
r-oldrel-windows-x86_64 0.1.1 25.00 90.00 115.00 NOTE

Check Details

Version: 0.1.1
Check: LazyData
Result: NOTE
     'LazyData' is specified without a 'data' directory
Flavors: r-devel-linux-x86_64-debian-clang, r-devel-linux-x86_64-debian-gcc, r-devel-linux-x86_64-fedora-clang, r-devel-linux-x86_64-fedora-gcc, r-devel-windows-x86_64, r-patched-linux-x86_64, r-release-linux-x86_64, r-release-macos-arm64, r-release-macos-x86_64, r-release-windows-x86_64, r-oldrel-macos-arm64, r-oldrel-macos-x86_64, r-oldrel-windows-x86_64