Last updated on 2024-03-28 23:01:52 CET.
Flavor | Version | Tinstall | Tcheck | Ttotal | Status | Flags |
---|---|---|---|---|---|---|
r-devel-linux-x86_64-debian-clang | 1.0.6 | 7.01 | 72.74 | 79.75 | NOTE | |
r-devel-linux-x86_64-debian-gcc | 1.0.6 | 6.28 | 55.05 | 61.33 | NOTE | |
r-devel-linux-x86_64-fedora-clang | 1.0.6 | 98.18 | NOTE | |||
r-devel-linux-x86_64-fedora-gcc | 1.0.6 | 96.14 | NOTE | |||
r-devel-windows-x86_64 | 1.0.6 | 7.00 | 70.00 | 77.00 | NOTE | |
r-patched-linux-x86_64 | 1.0.6 | 7.18 | 70.05 | 77.23 | NOTE | |
r-release-linux-x86_64 | 1.0.6 | 8.51 | 71.05 | 79.56 | OK | |
r-release-macos-arm64 | 1.0.6 | 35.00 | OK | |||
r-release-macos-x86_64 | 1.0.6 | 55.00 | OK | |||
r-release-windows-x86_64 | 1.0.6 | 10.00 | 81.00 | 91.00 | OK | |
r-oldrel-macos-arm64 | 1.0.6 | 33.00 | OK | |||
r-oldrel-windows-x86_64 | 1.0.6 | 9.00 | 91.00 | 100.00 | OK |
Version: 1.0.6
Check: Rd files
Result: NOTE
checkRd: (-1) internal.Rd:26-27: Lost braces in \itemize; meant \describe ?
checkRd: (-1) internal.Rd:29-31: Lost braces in \itemize; meant \describe ?
checkRd: (-1) internal.Rd:33: Lost braces in \itemize; meant \describe ?
checkRd: (-1) internal.Rd:35: Lost braces in \itemize; meant \describe ?
checkRd: (-1) internal.Rd:37-38: Lost braces in \itemize; meant \describe ?
checkRd: (-1) internal.Rd:40-41: Lost braces in \itemize; meant \describe ?
checkRd: (-1) internal.Rd:43-44: Lost braces in \itemize; meant \describe ?
checkRd: (-1) internal.Rd:46: Lost braces in \itemize; meant \describe ?
checkRd: (-1) internal.Rd:48: Lost braces in \itemize; meant \describe ?
checkRd: (-1) internal.Rd:50: Lost braces in \itemize; meant \describe ?
checkRd: (-1) internal.Rd:52: Lost braces in \itemize; meant \describe ?
checkRd: (-1) internal.Rd:54: Lost braces in \itemize; meant \describe ?
checkRd: (-1) internal.Rd:56-57: Lost braces in \itemize; meant \describe ?
checkRd: (-1) internal.Rd:59-60: Lost braces in \itemize; meant \describe ?
checkRd: (-1) internal.Rd:62-63: Lost braces in \itemize; meant \describe ?
checkRd: (-1) internal.Rd:65-66: Lost braces in \itemize; meant \describe ?
checkRd: (-1) internal.Rd:68: Lost braces in \itemize; meant \describe ?
checkRd: (-1) internal.Rd:70: Lost braces in \itemize; meant \describe ?
Flavors: r-devel-linux-x86_64-debian-clang, r-devel-linux-x86_64-debian-gcc, r-devel-linux-x86_64-fedora-clang, r-devel-linux-x86_64-fedora-gcc, r-devel-windows-x86_64, r-patched-linux-x86_64