CRAN Package Check Results for Package OwenQ

Last updated on 2021-10-16 22:53:00 CEST.

Flavor Version Tinstall Tcheck Ttotal Status Flags
r-devel-linux-x86_64-debian-clang 1.0.4 60.12 249.03 309.15 OK
r-devel-linux-x86_64-debian-gcc 1.0.4 49.32 194.61 243.93 OK
r-devel-linux-x86_64-fedora-clang 1.0.4 399.56 NOTE
r-devel-linux-x86_64-fedora-gcc 1.0.4 409.53 OK
r-devel-windows-x86_64 1.0.4 70.00 243.00 313.00 OK
r-devel-windows-x86_64-gcc10-UCRT 1.0.4 OK
r-patched-linux-x86_64 1.0.4 58.63 243.97 302.60 OK
r-patched-solaris-x86 1.0.4 131.60 OK
r-release-linux-x86_64 1.0.4 60.74 249.34 310.08 OK
r-release-macos-arm64 1.0.4 NOTE
r-release-macos-x86_64 1.0.4 NOTE
r-release-windows-ix86+x86_64 1.0.4 113.00 333.00 446.00 OK
r-oldrel-macos-x86_64 1.0.4 NOTE
r-oldrel-windows-ix86+x86_64 1.0.4 168.00 340.00 508.00 OK

Check Details

Version: 1.0.4
Check: installed package size
Result: NOTE
     installed size is 8.8Mb
     sub-directories of 1Mb or more:
     libs 8.3Mb
Flavors: r-devel-linux-x86_64-fedora-clang, r-release-macos-arm64, r-release-macos-x86_64, r-oldrel-macos-x86_64