CRAN Package Check Results for Package PAC

Last updated on 2023-09-30 22:59:14 CEST.

Flavor Version Tinstall Tcheck Ttotal Status Flags
r-devel-linux-x86_64-debian-clang 1.1.4 32.30 89.16 121.46 NOTE
r-devel-linux-x86_64-debian-gcc 1.1.4 20.94 58.45 79.39 NOTE
r-devel-linux-x86_64-fedora-clang 1.1.4 154.81 NOTE
r-devel-linux-x86_64-fedora-gcc 1.1.4 155.07 NOTE
r-devel-windows-x86_64 1.1.4 27.00 98.00 125.00 NOTE
r-patched-linux-x86_64 1.1.4 23.68 73.59 97.27 NOTE
r-release-linux-x86_64 1.1.4 20.95 73.25 94.20 NOTE
r-release-macos-arm64 1.1.4 39.00 NOTE
r-release-macos-x86_64 1.1.4 69.00 NOTE
r-release-windows-x86_64 1.1.4 35.00 111.00 146.00 NOTE
r-oldrel-macos-arm64 1.1.4 38.00 OK
r-oldrel-macos-x86_64 1.1.4 76.00 OK
r-oldrel-windows-x86_64 1.1.4 35.00 113.00 148.00 OK

Check Details

Version: 1.1.4
Check: C++ specification
Result: NOTE
     Specified C++11: please drop specification unless essential
Flavors: r-devel-linux-x86_64-debian-clang, r-devel-linux-x86_64-debian-gcc, r-devel-linux-x86_64-fedora-clang, r-devel-linux-x86_64-fedora-gcc, r-devel-windows-x86_64, r-patched-linux-x86_64, r-release-linux-x86_64, r-release-macos-arm64, r-release-macos-x86_64, r-release-windows-x86_64