Last updated on 2024-05-05 22:53:20 CEST.
Flavor | Version | Tinstall | Tcheck | Ttotal | Status | Flags |
---|---|---|---|---|---|---|
r-devel-linux-x86_64-debian-clang | 1.0.0 | 8.45 | 93.11 | 101.56 | NOTE | |
r-devel-linux-x86_64-debian-gcc | 1.0.0 | 7.34 | 69.37 | 76.71 | NOTE | |
r-devel-linux-x86_64-fedora-clang | 1.0.0 | 122.29 | NOTE | |||
r-devel-linux-x86_64-fedora-gcc | 1.0.0 | 121.94 | NOTE | |||
r-devel-windows-x86_64 | 1.0.0 | 8.00 | 83.00 | 91.00 | NOTE | |
r-patched-linux-x86_64 | 1.0.0 | 7.74 | 87.25 | 94.99 | NOTE | |
r-release-linux-x86_64 | 1.0.0 | 7.65 | 89.04 | 96.69 | NOTE | |
r-release-macos-arm64 | 1.0.0 | 39.00 | NOTE | |||
r-release-windows-x86_64 | 1.0.0 | 8.00 | 84.00 | 92.00 | NOTE | |
r-oldrel-macos-arm64 | 1.0.0 | 43.00 | NOTE | |||
r-oldrel-macos-x86_64 | 1.0.0 | 70.00 | NOTE | |||
r-oldrel-windows-x86_64 | 1.0.0 | 11.00 | 96.00 | 107.00 | NOTE |
Version: 1.0.0
Check: LazyData
Result: NOTE
'LazyData' is specified without a 'data' directory
Flavors: r-devel-linux-x86_64-debian-clang, r-devel-linux-x86_64-debian-gcc, r-devel-linux-x86_64-fedora-clang, r-devel-linux-x86_64-fedora-gcc, r-devel-windows-x86_64, r-patched-linux-x86_64, r-release-linux-x86_64, r-release-macos-arm64, r-release-windows-x86_64, r-oldrel-macos-arm64, r-oldrel-macos-x86_64, r-oldrel-windows-x86_64