CRAN Package Check Results for Package PAFway

Last updated on 2021-05-17 22:56:33 CEST.

Flavor Version Tinstall Tcheck Ttotal Status Flags
r-devel-linux-x86_64-debian-clang 0.1.3 2.40 139.70 142.10 NOTE
r-devel-linux-x86_64-debian-gcc 0.1.3 1.92 100.76 102.68 NOTE
r-devel-linux-x86_64-fedora-clang 0.1.3 169.27 NOTE
r-devel-linux-x86_64-fedora-gcc 0.1.3 194.33 NOTE
r-devel-windows-ix86+x86_64 0.1.3 7.00 162.00 169.00 NOTE
r-devel-windows-x86_64-gcc10-UCRT 0.1.3 NOTE
r-patched-linux-x86_64 0.1.3 2.52 131.23 133.75 NOTE
r-patched-solaris-x86 0.1.3 212.80 NOTE
r-release-linux-x86_64 0.1.3 2.39 152.21 154.60 OK
r-release-macos-x86_64 0.1.3 NOTE
r-release-windows-ix86+x86_64 0.1.3 4.00 139.00 143.00 OK
r-oldrel-macos-x86_64 0.1.3 NOTE
r-oldrel-windows-ix86+x86_64 0.1.3 3.00 187.00 190.00 OK

Check Details

Version: 0.1.3
Check: LazyData
Result: NOTE
     'LazyData' is specified without a 'data' directory
Flavors: r-devel-linux-x86_64-debian-clang, r-devel-linux-x86_64-debian-gcc, r-devel-linux-x86_64-fedora-clang, r-devel-linux-x86_64-fedora-gcc, r-devel-windows-ix86+x86_64, r-devel-windows-x86_64-gcc10-UCRT, r-patched-linux-x86_64, r-patched-solaris-x86

Version: 0.1.3
Check: dependencies in R code
Result: NOTE
    Namespaces in Imports field not imported from:
     ‘network’ ‘scales’ ‘sna’
     All declared Imports should be used.
Flavors: r-devel-linux-x86_64-fedora-clang, r-devel-linux-x86_64-fedora-gcc, r-devel-windows-x86_64-gcc10-UCRT, r-patched-solaris-x86, r-release-macos-x86_64, r-oldrel-macos-x86_64