CRAN Package Check Results for Package PAMhm

Last updated on 2021-12-02 22:56:01 CET.

Flavor Version Tinstall Tcheck Ttotal Status Flags
r-devel-linux-x86_64-debian-clang 0.1.2 7.32 80.28 87.60 OK
r-devel-linux-x86_64-debian-gcc 0.1.2 5.59 60.57 66.16 OK
r-devel-linux-x86_64-fedora-clang 0.1.2 115.30 OK
r-devel-linux-x86_64-fedora-gcc 0.1.2 102.26 OK
r-devel-windows-x86_64-new-UL 0.1.2 17.00 120.00 137.00 OK
r-devel-windows-x86_64-new-TK 0.1.2 OK
r-devel-windows-x86_64-old 0.1.2 13.00 74.00 87.00 OK
r-patched-linux-x86_64 0.1.2 8.01 72.40 80.41 OK
r-patched-solaris-x86 0.1.2 130.00 OK
r-release-linux-x86_64 0.1.2 6.89 74.58 81.47 OK
r-release-macos-arm64 0.1.2 ERROR
r-release-macos-x86_64 0.1.2 ERROR
r-release-windows-ix86+x86_64 0.1.2 19.00 100.00 119.00 OK
r-oldrel-macos-x86_64 0.1.2 ERROR
r-oldrel-windows-ix86+x86_64 0.1.2 20.00 101.00 121.00 OK

Check Details

Version: 0.1.2
Check: package dependencies
Result: ERROR
    Package required but not available: ‘heatmapFlex’
    
    See section ‘The DESCRIPTION file’ in the ‘Writing R Extensions’
    manual.
Flavors: r-release-macos-arm64, r-release-macos-x86_64, r-oldrel-macos-x86_64