CRAN Package Check Results for Package PANDA

Last updated on 2021-10-22 22:56:40 CEST.

Flavor Version Tinstall Tcheck Ttotal Status Flags
r-devel-linux-x86_64-debian-clang 0.9.9 20.38 282.44 302.82 NOTE
r-devel-linux-x86_64-debian-gcc 0.9.9 14.79 201.42 216.21 NOTE
r-devel-linux-x86_64-fedora-clang 0.9.9 371.47 NOTE
r-devel-linux-x86_64-fedora-gcc 0.9.9 353.99 NOTE
r-devel-windows-x86_64 0.9.9 27.00 237.00 264.00 NOTE
r-devel-windows-x86_64-gcc10-UCRT 0.9.9 NOTE
r-patched-linux-x86_64 0.9.9 15.71 245.52 261.23 NOTE
r-patched-solaris-x86 0.9.9 438.20 NOTE
r-release-linux-x86_64 0.9.9 18.17 246.79 264.96 NOTE
r-release-macos-arm64 0.9.9 NOTE
r-release-macos-x86_64 0.9.9 ERROR
r-release-windows-ix86+x86_64 0.9.9 31.00 285.00 316.00 NOTE
r-oldrel-macos-x86_64 0.9.9 NOTE
r-oldrel-windows-ix86+x86_64 0.9.9 35.00 263.00 298.00 NOTE

Check Details

Version: 0.9.9
Check: R code for possible problems
Result: NOTE
    GOpredict: no visible global function definition for 'fisher.test'
    KEGGpredict: no visible global function definition for 'fisher.test'
    ProteinCluster: no visible global function definition for 'ecdf'
    ProteinCluster: no visible global function definition for 'as.hclust'
    ProteinCluster: no visible global function definition for
     'as.dendrogram'
    ProteinCluster : addE: no visible global function definition for
     'is.leaf'
    SignificantSubcluster: no visible global function definition for
     'order.dendrogram'
    SignificantSubcluster: no visible global function definition for
     'fisher.test'
    Undefined global functions or variables:
     as.dendrogram as.hclust ecdf fisher.test is.leaf order.dendrogram
    Consider adding
     importFrom("stats", "as.dendrogram", "as.hclust", "ecdf",
     "fisher.test", "is.leaf", "order.dendrogram")
    to your NAMESPACE file.
Flavors: r-devel-linux-x86_64-debian-clang, r-devel-linux-x86_64-debian-gcc, r-devel-linux-x86_64-fedora-clang, r-devel-linux-x86_64-fedora-gcc, r-devel-windows-x86_64, r-devel-windows-x86_64-gcc10-UCRT, r-patched-linux-x86_64, r-patched-solaris-x86, r-release-linux-x86_64, r-release-macos-arm64, r-release-windows-ix86+x86_64, r-oldrel-macos-x86_64, r-oldrel-windows-ix86+x86_64

Version: 0.9.9
Check: package dependencies
Result: ERROR
    Package required but not available: ‘GO.db’
    
    See section ‘The DESCRIPTION file’ in the ‘Writing R Extensions’
    manual.
Flavor: r-release-macos-x86_64