CRAN Package Check Results for Package PCADSC

Last updated on 2019-11-18 22:47:18 CET.

Flavor Version Tinstall Tcheck Ttotal Status Flags
r-devel-linux-x86_64-debian-clang 0.8.0 3.98 42.50 46.48 OK
r-devel-linux-x86_64-debian-gcc 0.8.0 3.27 32.72 35.99 OK
r-devel-linux-x86_64-fedora-clang 0.8.0 54.57 NOTE
r-devel-linux-x86_64-fedora-gcc 0.8.0 55.20 NOTE
r-devel-windows-ix86+x86_64 0.8.0 22.00 61.00 83.00 OK
r-patched-linux-x86_64 0.8.0 2.61 38.47 41.08 OK
r-patched-solaris-x86 0.8.0 81.30 NOTE
r-release-linux-x86_64 0.8.0 3.52 38.33 41.85 OK
r-release-windows-ix86+x86_64 0.8.0 10.00 71.00 81.00 OK
r-release-osx-x86_64 0.8.0 NOTE
r-oldrel-windows-ix86+x86_64 0.8.0 5.00 91.00 96.00 OK
r-oldrel-osx-x86_64 0.8.0 NOTE

Check Details

Version: 0.8.0
Check: dependencies in R code
Result: NOTE
    Namespaces in Imports field not imported from:
     ‘Matrix’ ‘pander’
     All declared Imports should be used.
Flavors: r-devel-linux-x86_64-fedora-clang, r-devel-linux-x86_64-fedora-gcc, r-patched-solaris-x86, r-release-osx-x86_64, r-oldrel-osx-x86_64