CRAN Package Check Results for Package PCADSC

Last updated on 2019-07-20 22:48:08 CEST.

Flavor Version Tinstall Tcheck Ttotal Status Flags
r-devel-linux-x86_64-debian-clang 0.8.0 3.89 41.46 45.35 OK
r-devel-linux-x86_64-debian-gcc 0.8.0 2.96 32.39 35.35 OK
r-devel-linux-x86_64-fedora-clang 0.8.0 53.93 NOTE
r-devel-linux-x86_64-fedora-gcc 0.8.0 50.16 NOTE
r-devel-windows-ix86+x86_64 0.8.0 9.00 89.00 98.00 OK
r-patched-linux-x86_64 0.8.0 4.06 39.95 44.01 OK
r-patched-solaris-x86 0.8.0 86.80 NOTE
r-release-linux-x86_64 0.8.0 3.57 40.35 43.92 OK
r-release-windows-ix86+x86_64 0.8.0 11.00 53.00 64.00 OK
r-release-osx-x86_64 0.8.0 NOTE
r-oldrel-windows-ix86+x86_64 0.8.0 10.00 73.00 83.00 OK
r-oldrel-osx-x86_64 0.8.0 NOTE

Check Details

Version: 0.8.0
Check: dependencies in R code
Result: NOTE
    Namespaces in Imports field not imported from:
     ‘Matrix’ ‘pander’
     All declared Imports should be used.
Flavors: r-devel-linux-x86_64-fedora-clang, r-devel-linux-x86_64-fedora-gcc, r-patched-solaris-x86, r-release-osx-x86_64, r-oldrel-osx-x86_64