CRAN Package Check Results for Package PCRedux

Last updated on 2020-02-21 22:51:15 CET.

Flavor Version Tinstall Tcheck Ttotal Status Flags
r-devel-linux-x86_64-debian-clang 1.0-4 13.23 162.83 176.06 ERROR
r-devel-linux-x86_64-debian-gcc 1.0-4 12.94 125.09 138.03 OK
r-devel-linux-x86_64-fedora-clang 1.0-4 209.39 OK
r-devel-linux-x86_64-fedora-gcc 1.0-4 208.93 OK
r-devel-windows-ix86+x86_64 1.0-4 31.00 197.00 228.00 OK
r-devel-windows-ix86+x86_64-gcc8 1.0-4 52.00 248.00 300.00 OK
r-patched-linux-x86_64 1.0-4 OK
r-patched-solaris-x86 1.0-4 260.60 OK
r-release-linux-x86_64 1.0-4 11.96 139.58 151.54 OK
r-release-windows-ix86+x86_64 1.0-4 26.00 171.00 197.00 OK
r-release-osx-x86_64 1.0-4 WARN
r-oldrel-windows-ix86+x86_64 1.0-4 17.00 171.00 188.00 OK
r-oldrel-osx-x86_64 1.0-4 WARN

Check Details

Version: 1.0-4
Check: tests
Result: ERROR
     Running 'spelling.R' [0s/1s]
     Running 'testthat.R' [10s/12s]
    Running the tests in 'tests/testthat.R' failed.
    Complete output:
     > library(testthat)
     > library(PCRedux)
     >
     > test_check("PCRedux")
     -- 1. Failure: decision_modus gives the correct dimensions and properties (@test
     `x` inherits from `character` not `factor`.
    
     == testthat results ===========================================================
     [ OK: 63 | SKIPPED: 0 | WARNINGS: 4 | FAILED: 1 ]
     1. Failure: decision_modus gives the correct dimensions and properties (@test_decision_modus.R#11)
    
     Error: testthat unit tests failed
     Execution halted
Flavor: r-devel-linux-x86_64-debian-clang

Version: 1.0-4
Check: whether package can be installed
Result: WARN
    Found the following significant warnings:
     Warning: 'rgl_init' failed, running with rgl.useNULL = TRUE
Flavors: r-release-osx-x86_64, r-oldrel-osx-x86_64

Version: 1.0-4
Check: dependencies in R code
Result: NOTE
    No protocol specified
Flavors: r-release-osx-x86_64, r-oldrel-osx-x86_64

Version: 1.0-4
Check: S3 generic/method consistency
Result: WARN
    No protocol specified
    See section ‘Generic functions and methods’ in the ‘Writing R
    Extensions’ manual.
Flavors: r-release-osx-x86_64, r-oldrel-osx-x86_64

Version: 1.0-4
Check: replacement functions
Result: WARN
    No protocol specified
    The argument of a replacement function which corresponds to the right
    hand side must be named ‘value’.
Flavors: r-release-osx-x86_64, r-oldrel-osx-x86_64

Version: 1.0-4
Check: foreign function calls
Result: NOTE
    No protocol specified
    See chapter ‘System and foreign language interfaces’ in the ‘Writing R
    Extensions’ manual.
Flavors: r-release-osx-x86_64, r-oldrel-osx-x86_64

Version: 1.0-4
Check: R code for possible problems
Result: NOTE
    No protocol specified
Flavors: r-release-osx-x86_64, r-oldrel-osx-x86_64

Version: 1.0-4
Check: for missing documentation entries
Result: WARN
    No protocol specified
    All user-level objects in a package should have documentation entries.
    See chapter ‘Writing R documentation files’ in the ‘Writing R
    Extensions’ manual.
Flavors: r-release-osx-x86_64, r-oldrel-osx-x86_64

Version: 1.0-4
Check: for code/documentation mismatches
Result: WARN
    No protocol specified
    No protocol specified
    No protocol specified
Flavors: r-release-osx-x86_64, r-oldrel-osx-x86_64

Version: 1.0-4
Check: Rd \usage sections
Result: NOTE
    No protocol specified
    The \usage entries for S3 methods should use the \method markup and not
    their full name.
    See chapter ‘Writing R documentation files’ in the ‘Writing R
    Extensions’ manual.
Flavors: r-release-osx-x86_64, r-oldrel-osx-x86_64