CRAN Package Check Results for Package PCRedux

Last updated on 2019-09-22 22:46:53 CEST.

Flavor Version Tinstall Tcheck Ttotal Status Flags
r-devel-linux-x86_64-debian-clang 0.2.6-4 16.54 156.20 172.74 OK
r-devel-linux-x86_64-debian-gcc 0.2.6-4 14.76 119.65 134.41 OK
r-devel-linux-x86_64-fedora-clang 0.2.6-4 205.84 NOTE
r-devel-linux-x86_64-fedora-gcc 0.2.6-4 207.94 NOTE
r-devel-windows-ix86+x86_64 0.2.6-4 48.00 277.00 325.00 OK
r-patched-linux-x86_64 0.2.6-4 17.11 154.27 171.38 OK
r-patched-solaris-x86 0.2.6-4 327.80 NOTE
r-release-linux-x86_64 0.2.6-4 17.54 150.50 168.04 OK
r-release-windows-ix86+x86_64 0.2.6-4 84.00 233.00 317.00 OK
r-release-osx-x86_64 0.2.6-4 WARN
r-oldrel-windows-ix86+x86_64 0.2.6-4 23.00 160.00 183.00 OK
r-oldrel-osx-x86_64 0.2.6-4 NOTE

Check Details

Version: 0.2.6-4
Check: dependencies in R code
Result: NOTE
    Namespace in Imports field not imported from: ‘caret’
     All declared Imports should be used.
Flavors: r-devel-linux-x86_64-fedora-clang, r-devel-linux-x86_64-fedora-gcc, r-patched-solaris-x86, r-release-osx-x86_64, r-oldrel-osx-x86_64

Version: 0.2.6-4
Check: whether package can be installed
Result: WARN
    Found the following significant warnings:
     Warning: 'rgl_init' failed, running with rgl.useNULL = TRUE
Flavor: r-release-osx-x86_64