Last updated on 2023-09-22 23:05:06 CEST.
Flavor | Version | Tinstall | Tcheck | Ttotal | Status | Flags |
---|---|---|---|---|---|---|
r-devel-linux-x86_64-debian-clang | 0.10.1 | 8.50 | 82.49 | 90.99 | NOTE | |
r-devel-linux-x86_64-debian-gcc | 0.10.1 | 6.79 | 59.98 | 66.77 | NOTE | |
r-devel-linux-x86_64-fedora-clang | 0.10.1 | 109.17 | NOTE | |||
r-devel-linux-x86_64-fedora-gcc | 0.10.1 | 111.77 | NOTE | |||
r-devel-windows-x86_64 | 0.10.1 | 8.00 | 80.00 | 88.00 | NOTE | |
r-patched-linux-x86_64 | 0.10.1 | 7.68 | 76.99 | 84.67 | OK | |
r-release-linux-x86_64 | 0.10.1 | 5.87 | 76.48 | 82.35 | OK | |
r-release-macos-arm64 | 0.10.1 | 35.00 | OK | |||
r-release-macos-x86_64 | 0.10.1 | 57.00 | OK | |||
r-release-windows-x86_64 | 0.10.1 | 11.00 | 88.00 | 99.00 | OK | |
r-oldrel-macos-arm64 | 0.10.1 | 33.00 | OK | |||
r-oldrel-macos-x86_64 | 0.10.1 | 60.00 | OK | |||
r-oldrel-windows-x86_64 | 0.10.1 | 11.00 | 92.00 | 103.00 | OK |
Version: 0.10.1
Check: Rd metadata
Result: NOTE
Invalid package aliases in Rd file '00_PH1XBAR-package.Rd':
‘00_PH1XBAR-package’
Flavors: r-devel-linux-x86_64-debian-clang, r-devel-linux-x86_64-debian-gcc, r-devel-linux-x86_64-fedora-clang, r-devel-linux-x86_64-fedora-gcc, r-devel-windows-x86_64