CRAN Package Check Results for Package PIGE

Last updated on 2019-09-18 22:52:45 CEST.

Flavor Version Tinstall Tcheck Ttotal Status Flags
r-devel-linux-x86_64-debian-clang 1.1 6.69 58.01 64.70 NOTE
r-devel-linux-x86_64-debian-gcc 1.1 5.55 47.13 52.68 NOTE
r-devel-linux-x86_64-fedora-clang 1.1 79.93 NOTE
r-devel-linux-x86_64-fedora-gcc 1.1 79.76 NOTE
r-devel-windows-ix86+x86_64 1.1 23.00 81.00 104.00 OK
r-patched-linux-x86_64 1.1 6.10 57.62 63.72 OK
r-patched-solaris-x86 1.1 164.30 OK
r-release-linux-x86_64 1.1 7.23 57.62 64.85 OK
r-release-windows-ix86+x86_64 1.1 16.00 80.00 96.00 OK
r-release-osx-x86_64 1.1 OK
r-oldrel-windows-ix86+x86_64 1.1 9.00 75.00 84.00 OK
r-oldrel-osx-x86_64 1.1 OK

Check Details

Version: 1.1
Check: for non-standard things in the check directory
Result: NOTE
    Found the following files/directories:
     'res-boot.txt' 'res-obs-surv.txt' 'res-obs.txt' 'res-permut.txt'
Flavors: r-devel-linux-x86_64-debian-clang, r-devel-linux-x86_64-debian-gcc, r-devel-linux-x86_64-fedora-clang, r-devel-linux-x86_64-fedora-gcc