Last updated on 2023-10-01 23:03:54 CEST.
Flavor | Version | Tinstall | Tcheck | Ttotal | Status | Flags |
---|---|---|---|---|---|---|
r-devel-linux-x86_64-debian-clang | 2.0.6 | 36.14 | 89.92 | 126.06 | NOTE | |
r-devel-linux-x86_64-debian-gcc | 2.0.6 | 30.78 | 67.08 | 97.86 | NOTE | |
r-devel-linux-x86_64-fedora-clang | 2.0.6 | 175.09 | NOTE | |||
r-devel-linux-x86_64-fedora-gcc | 2.0.6 | 184.89 | NOTE | |||
r-devel-windows-x86_64 | 2.0.6 | 35.00 | 102.00 | 137.00 | NOTE | |
r-patched-linux-x86_64 | 2.0.6 | 33.59 | 84.34 | 117.93 | NOTE | |
r-release-linux-x86_64 | 2.0.6 | 39.39 | 87.00 | 126.39 | NOTE | |
r-release-macos-arm64 | 2.0.6 | 55.00 | NOTE | |||
r-release-macos-x86_64 | 2.0.6 | 87.00 | NOTE | |||
r-release-windows-x86_64 | 2.0.6 | 46.00 | 114.00 | 160.00 | NOTE | |
r-oldrel-macos-arm64 | 2.0.6 | 43.00 | OK | |||
r-oldrel-macos-x86_64 | 2.0.6 | 67.00 | OK | |||
r-oldrel-windows-x86_64 | 2.0.6 | 43.00 | 117.00 | 160.00 | OK |
Version: 2.0.6
Check: C++ specification
Result: NOTE
Specified C++11: please drop specification unless essential
Flavors: r-devel-linux-x86_64-debian-clang, r-devel-linux-x86_64-debian-gcc, r-devel-linux-x86_64-fedora-clang, r-devel-linux-x86_64-fedora-gcc, r-devel-windows-x86_64, r-patched-linux-x86_64, r-release-linux-x86_64, r-release-macos-arm64, r-release-macos-x86_64, r-release-windows-x86_64