CRAN Package Check Results for Package PKI

Last updated on 2021-08-03 22:53:35 CEST.

Flavor Version Tinstall Tcheck Ttotal Status Flags
r-devel-linux-x86_64-debian-clang 0.1-8 7.85 27.26 35.11 OK
r-devel-linux-x86_64-debian-gcc 0.1-8 4.84 21.77 26.61 OK
r-devel-linux-x86_64-fedora-clang 0.1-8 51.17 OK
r-devel-linux-x86_64-fedora-gcc 0.1-8 40.50 OK
r-devel-windows-x86_64 0.1-8 13.00 53.00 66.00 OK
r-devel-windows-x86_64-gcc10-UCRT 0.1-8 OK
r-patched-linux-x86_64 0.1-8 5.64 26.19 31.83 OK
r-patched-solaris-x86 0.1-8 62.20 OK
r-release-linux-x86_64 0.1-8 5.61 26.49 32.10 OK
r-release-macos-arm64 0.1-8 WARN
r-release-macos-x86_64 0.1-8 OK
r-release-windows-ix86+x86_64 0.1-8 19.00 49.00 68.00 OK
r-oldrel-macos-x86_64 0.1-8 OK
r-oldrel-windows-ix86+x86_64 0.1-8 18.00 48.00 66.00 OK

Check Details

Version: 0.1-8
Check: whether package can be installed
Result: WARN
    Found the following significant warnings:
     pki-x509.c:428:2: warning: 'CC_MD5' is deprecated: first deprecated in macOS 10.15 - This function is cryptographically broken and should not be used in security contexts. Clients should migrate to SHA256 (or stronger). [-Wdeprecated-declarations]
Flavor: r-release-macos-arm64