Last updated on 2023-09-26 23:04:21 CEST.
Flavor | Version | Tinstall | Tcheck | Ttotal | Status | Flags |
---|---|---|---|---|---|---|
r-devel-linux-x86_64-debian-clang | 1.3.0 | 109.88 | 838.46 | 948.34 | OK | |
r-devel-linux-x86_64-debian-gcc | 1.3.0 | 79.25 | 549.28 | 628.53 | OK | |
r-devel-linux-x86_64-fedora-clang | 1.3.0 | 1221.68 | NOTE | |||
r-devel-linux-x86_64-fedora-gcc | 1.3.0 | 1277.29 | NOTE | |||
r-devel-windows-x86_64 | 1.3.0 | 85.00 | 629.00 | 714.00 | OK | |
r-patched-linux-x86_64 | 1.3.0 | 111.46 | 850.77 | 962.23 | OK | |
r-release-linux-x86_64 | 1.3.0 | 113.40 | 850.69 | 964.09 | OK | |
r-release-macos-arm64 | 1.3.0 | 285.00 | OK | |||
r-release-macos-x86_64 | 1.3.0 | 455.00 | OK | |||
r-release-windows-x86_64 | 1.3.0 | 108.00 | 804.00 | 912.00 | OK | |
r-oldrel-macos-arm64 | 1.3.0 | 234.00 | OK | |||
r-oldrel-macos-x86_64 | 1.3.0 | 312.00 | OK | |||
r-oldrel-windows-x86_64 | 1.3.0 | 99.00 | 739.00 | 838.00 | OK |
Version: 1.3.0
Check: dependencies in R code
Result: NOTE
Namespace in Imports field not imported from: ‘BH’
All declared Imports should be used.
Flavors: r-devel-linux-x86_64-fedora-clang, r-devel-linux-x86_64-fedora-gcc