Last updated on 2024-04-19 22:55:57 CEST.
Flavor | Version | Tinstall | Tcheck | Ttotal | Status | Flags |
---|---|---|---|---|---|---|
r-devel-linux-x86_64-debian-clang | 2.1.1 | 216.12 | 150.24 | 366.36 | OK | |
r-devel-linux-x86_64-debian-gcc | 2.1.1 | OK | ||||
r-devel-linux-x86_64-fedora-clang | 2.1.1 | 520.39 | NOTE | |||
r-devel-linux-x86_64-fedora-gcc | 2.1.1 | 495.67 | NOTE | |||
r-prerel-macos-arm64 | 2.1.1 | 95.00 | OK | |||
r-prerel-macos-x86_64 | 2.1.1 | 146.00 | OK | |||
r-prerel-windows-x86_64 | 2.1.1 | 154.00 | 165.00 | 319.00 | OK | |
r-patched-linux-x86_64 | 2.1.1 | 180.43 | 141.47 | 321.90 | OK | |
r-release-linux-x86_64 | 2.1.1 | 160.16 | 146.86 | 307.02 | OK | |
r-release-macos-arm64 | 2.1.1 | 116.00 | OK | |||
r-release-macos-x86_64 | 2.1.1 | 199.00 | OK | |||
r-release-windows-x86_64 | 2.1.1 | 192.00 | 196.00 | 388.00 | OK | |
r-oldrel-macos-arm64 | 2.1.1 | 104.00 | NOTE | |||
r-oldrel-windows-x86_64 | 2.1.1 | 149.00 | 186.00 | 335.00 | OK |
Version: 2.1.1
Check: dependencies in R code
Result: NOTE
Namespaces in Imports field not imported from:
‘PlackettLuce’ ‘StatRank’ ‘pmr’ ‘prefmod’ ‘rankdist’
All declared Imports should be used.
Flavors: r-devel-linux-x86_64-fedora-clang, r-devel-linux-x86_64-fedora-gcc, r-oldrel-macos-arm64