Last updated on 2023-09-30 22:59:15 CEST.
Flavor | Version | Tinstall | Tcheck | Ttotal | Status | Flags |
---|---|---|---|---|---|---|
r-devel-linux-x86_64-debian-clang | 2.1.1 | 195.75 | 158.66 | 354.41 | OK | |
r-devel-linux-x86_64-debian-gcc | 2.1.1 | 128.34 | 115.81 | 244.15 | OK | |
r-devel-linux-x86_64-fedora-clang | 2.1.1 | 562.25 | NOTE | |||
r-devel-linux-x86_64-fedora-gcc | 2.1.1 | 528.84 | NOTE | |||
r-devel-windows-x86_64 | 2.1.1 | 149.00 | 170.00 | 319.00 | OK | |
r-patched-linux-x86_64 | 2.1.1 | 143.90 | 150.65 | 294.55 | OK | |
r-release-linux-x86_64 | 2.1.1 | 148.91 | 154.06 | 302.97 | OK | |
r-release-macos-arm64 | 2.1.1 | 116.00 | OK | |||
r-release-macos-x86_64 | 2.1.1 | 199.00 | OK | |||
r-release-windows-x86_64 | 2.1.1 | 189.00 | 200.00 | 389.00 | OK | |
r-oldrel-macos-arm64 | 2.1.1 | 104.00 | NOTE | |||
r-oldrel-macos-x86_64 | 2.1.1 | 176.00 | NOTE | |||
r-oldrel-windows-x86_64 | 2.1.1 | 178.00 | 194.00 | 372.00 | OK |
Version: 2.1.1
Check: dependencies in R code
Result: NOTE
Namespaces in Imports field not imported from:
‘PlackettLuce’ ‘StatRank’ ‘pmr’ ‘prefmod’ ‘rankdist’
All declared Imports should be used.
Flavors: r-devel-linux-x86_64-fedora-clang, r-devel-linux-x86_64-fedora-gcc, r-oldrel-macos-arm64, r-oldrel-macos-x86_64