Last updated on 2023-12-05 23:05:31 CET.
Flavor | Version | Tinstall | Tcheck | Ttotal | Status | Flags |
---|---|---|---|---|---|---|
r-devel-linux-x86_64-debian-clang | 1.2-2 | 25.53 | 47.62 | 73.15 | WARN | |
r-devel-linux-x86_64-debian-gcc | 1.2-2 | 17.53 | 36.82 | 54.35 | WARN | |
r-devel-linux-x86_64-fedora-clang | 1.2-2 | 104.58 | WARN | |||
r-devel-linux-x86_64-fedora-gcc | 1.2-2 | 99.84 | WARN | |||
r-devel-windows-x86_64 | 1.2-2 | 24.00 | 80.00 | 104.00 | WARN | |
r-patched-linux-x86_64 | 1.2-2 | 21.58 | 47.16 | 68.74 | OK | |
r-release-linux-x86_64 | 1.2-2 | 20.04 | 47.17 | 67.21 | OK | |
r-release-macos-arm64 | 1.2-2 | 36.00 | OK | |||
r-release-macos-x86_64 | 1.2-2 | 58.00 | OK | |||
r-release-windows-x86_64 | 1.2-2 | 31.00 | 85.00 | 116.00 | OK | |
r-oldrel-macos-arm64 | 1.2-2 | 36.00 | OK | |||
r-oldrel-macos-x86_64 | 1.2-2 | 45.00 | OK | |||
r-oldrel-windows-x86_64 | 1.2-2 | 25.00 | 99.00 | 124.00 | OK |
Version: 1.2-2
Check: whether package can be installed
Result: WARN
Found the following significant warnings:
FLSAGeneral.cc:240:95: warning: format specifies type 'int' but the argument has type 'size_type' (aka 'unsigned long') [-Wformat]
FLSAGeneral.cc:240:113: warning: format specifies type 'int' but the argument has type 'size_type' (aka 'unsigned long') [-Wformat]
See ‘/home/hornik/tmp/R.check/r-devel-clang/Work/PKGS/PMA.Rcheck/00install.out’ for details.
* used C compiler: ‘Debian clang version 17.0.5 (1)’
* used C++ compiler: ‘Debian clang version 17.0.5 (1)’
Flavor: r-devel-linux-x86_64-debian-clang
Version: 1.2-2
Check: whether package can be installed
Result: WARN
Found the following significant warnings:
FLSAGeneral.cc:240:66: warning: format ‘%d’ expects argument of type ‘int’, but argument 5 has type ‘std::set<int>::size_type’ {aka ‘long unsigned int’} [-Wformat=]
FLSAGeneral.cc:240:70: warning: format ‘%d’ expects argument of type ‘int’, but argument 6 has type ‘std::set<int>::size_type’ {aka ‘long unsigned int’} [-Wformat=]
See ‘/home/hornik/tmp/R.check/r-devel-gcc/Work/PKGS/PMA.Rcheck/00install.out’ for details.
* used C compiler: ‘gcc-13 (Debian 13.2.0-7) 13.2.0’
* used C++ compiler: ‘g++-13 (Debian 13.2.0-7) 13.2.0’
Flavor: r-devel-linux-x86_64-debian-gcc
Version: 1.2-2
Check: whether package can be installed
Result: WARN
Found the following significant warnings:
FLSAGeneral.cc:240:95: warning: format specifies type 'int' but the argument has type 'size_type' (aka 'unsigned long') [-Wformat]
FLSAGeneral.cc:240:113: warning: format specifies type 'int' but the argument has type 'size_type' (aka 'unsigned long') [-Wformat]
See ‘/data/gannet/ripley/R/packages/tests-clang/PMA.Rcheck/00install.out’ for details.
* used C compiler: ‘clang version 17.0.5’
* used C++ compiler: ‘clang version 17.0.5’
Flavor: r-devel-linux-x86_64-fedora-clang
Version: 1.2-2
Check: whether package can be installed
Result: WARN
Found the following significant warnings:
FLSAGeneral.cc:240:66: warning: format '%d' expects argument of type 'int', but argument 5 has type 'std::set<int>::size_type' {aka 'long unsigned int'} [-Wformat=]
FLSAGeneral.cc:240:70: warning: format '%d' expects argument of type 'int', but argument 6 has type 'std::set<int>::size_type' {aka 'long unsigned int'} [-Wformat=]
See ‘/data/gannet/ripley/R/packages/tests-devel/PMA.Rcheck/00install.out’ for details.
* used C compiler: ‘gcc-13 (GCC) 13.2.0’
* used C++ compiler: ‘g++-13 (GCC) 13.2.0’
Flavor: r-devel-linux-x86_64-fedora-gcc
Version: 1.2-2
Check: whether package can be installed
Result: WARN
Found the following significant warnings:
FLSAGeneral.cc:240:66: warning: format '%d' expects argument of type 'int', but argument 5 has type 'std::set<int>::size_type' {aka 'long long unsigned int'} [-Wformat=]
FLSAGeneral.cc:240:70: warning: format '%d' expects argument of type 'int', but argument 6 has type 'std::set<int>::size_type' {aka 'long long unsigned int'} [-Wformat=]
See 'd:/Rcompile/CRANpkg/local/4.4/PMA.Rcheck/00install.out' for details.
* used C compiler: 'gcc.exe (GCC) 12.3.0'
* used C++ compiler: 'g++.exe (GCC) 12.3.0'
Flavor: r-devel-windows-x86_64