CRAN Package Check Results for Package POSetR

Last updated on 2021-08-03 22:53:35 CEST.

Flavor Version Tinstall Tcheck Ttotal Status Flags
r-devel-linux-x86_64-debian-clang 1.0.3 239.06 36.90 275.96 OK
r-devel-linux-x86_64-debian-gcc 1.0.3 157.85 29.14 186.99 OK
r-devel-linux-x86_64-fedora-clang 1.0.3 376.12 NOTE
r-devel-linux-x86_64-fedora-gcc 1.0.3 370.10 NOTE
r-devel-windows-x86_64 1.0.3 194.00 68.00 262.00 OK
r-devel-windows-x86_64-gcc10-UCRT 1.0.3 NOTE
r-patched-linux-x86_64 1.0.3 193.31 35.67 228.98 OK
r-release-linux-x86_64 1.0.3 190.52 36.17 226.69 OK
r-release-macos-arm64 1.0.3 NOTE
r-release-macos-x86_64 1.0.3 NOTE
r-release-windows-ix86+x86_64 1.0.3 514.00 71.00 585.00 OK
r-oldrel-macos-x86_64 1.0.3 NOTE
r-oldrel-windows-ix86+x86_64 1.0.3 378.00 85.00 463.00 OK

Check Details

Version: 1.0.3
Check: installed package size
Result: NOTE
     installed size is 11.0Mb
     sub-directories of 1Mb or more:
     libs 10.8Mb
Flavors: r-devel-linux-x86_64-fedora-clang, r-release-macos-arm64, r-release-macos-x86_64, r-oldrel-macos-x86_64

Version: 1.0.3
Check: dependencies in R code
Result: NOTE
    Namespace in Imports field not imported from: ‘Rdpack’
     All declared Imports should be used.
Flavors: r-devel-linux-x86_64-fedora-clang, r-devel-linux-x86_64-fedora-gcc, r-devel-windows-x86_64-gcc10-UCRT, r-release-macos-arm64, r-release-macos-x86_64, r-oldrel-macos-x86_64