CRAN Package Check Results for Package POUMM

Last updated on 2020-02-21 22:51:17 CET.

Flavor Version Tinstall Tcheck Ttotal Status Flags
r-devel-linux-x86_64-debian-clang 2.1.6 39.55 250.87 290.42 OK
r-devel-linux-x86_64-debian-gcc 2.1.6 36.41 184.71 221.12 OK
r-devel-linux-x86_64-fedora-clang 2.1.6 338.00 NOTE
r-devel-linux-x86_64-fedora-gcc 2.1.6 341.46 OK
r-devel-windows-ix86+x86_64 2.1.6 77.00 327.00 404.00 OK
r-devel-windows-ix86+x86_64-gcc8 2.1.6 117.00 451.00 568.00 OK
r-patched-linux-x86_64 2.1.6 OK
r-patched-solaris-x86 2.1.6 378.00 OK
r-release-linux-x86_64 2.1.6 37.12 215.86 252.98 OK
r-release-windows-ix86+x86_64 2.1.6 77.00 330.00 407.00 OK
r-release-osx-x86_64 2.1.6 NOTE
r-oldrel-windows-ix86+x86_64 2.1.6 68.00 150.00 218.00 ERROR
r-oldrel-osx-x86_64 2.1.6 ERROR

Check Details

Version: 2.1.6
Check: installed package size
Result: NOTE
     installed size is 7.5Mb
     sub-directories of 1Mb or more:
     libs 6.0Mb
Flavors: r-devel-linux-x86_64-fedora-clang, r-release-osx-x86_64, r-oldrel-osx-x86_64

Version: 2.1.6
Check: running tests for arch ‘i386’
Result: ERROR
     Running 'test-all.R' [3s]
    Running the tests in 'tests/test-all.R' failed.
    Complete output:
     > # Copyright 2015-2019 Venelin Mitov
     > #
     > # This file is part of POUMM.
     > #
     > # POUMM is free software: you can redistribute it and/or modify
     > # it under the terms of the GNU General Public License as published by
     > # the Free Software Foundation, either version 3 of the License, or
     > # (at your option) any later version.
     > #
     > # POUMM is distributed in the hope that it will be useful,
     > # but WITHOUT ANY WARRANTY; without even the implied warranty of
     > # MERCHANTABILITY or FITNESS FOR A PARTICULAR PURPOSE. See the
     > # GNU General Public License for more details.
     > #
     > # You should have received a copy of the GNU General Public License
     > # along with POUMM If not, see <http://www.gnu.org/licenses/>.
     >
     > library(testthat)
     >
     > test_check("POUMM")
     Loading required package: POUMM
     Loading required package: Rcpp
    
     This application has requested the Runtime to terminate it in an unusual way.
     Please contact the application's support team for more information.
     terminate called after throwing an instance of 'Rcpp::exception'
     what(): external pointer is not valid
Flavor: r-oldrel-windows-ix86+x86_64

Version: 2.1.6
Check: running tests for arch ‘x64’
Result: ERROR
     Running 'test-all.R' [4s]
    Running the tests in 'tests/test-all.R' failed.
    Complete output:
     > # Copyright 2015-2019 Venelin Mitov
     > #
     > # This file is part of POUMM.
     > #
     > # POUMM is free software: you can redistribute it and/or modify
     > # it under the terms of the GNU General Public License as published by
     > # the Free Software Foundation, either version 3 of the License, or
     > # (at your option) any later version.
     > #
     > # POUMM is distributed in the hope that it will be useful,
     > # but WITHOUT ANY WARRANTY; without even the implied warranty of
     > # MERCHANTABILITY or FITNESS FOR A PARTICULAR PURPOSE. See the
     > # GNU General Public License for more details.
     > #
     > # You should have received a copy of the GNU General Public License
     > # along with POUMM If not, see <http://www.gnu.org/licenses/>.
     >
     > library(testthat)
     >
     > test_check("POUMM")
     Loading required package: POUMM
     Loading required package: Rcpp
    
     This application has requested the Runtime to terminate it in an unusual way.
     Please contact the application's support team for more information.
     terminate called after throwing an instance of 'Rcpp::exception'
     what(): external pointer is not valid
Flavor: r-oldrel-windows-ix86+x86_64

Version: 2.1.6
Check: re-building of vignette outputs
Result: WARN
    Error in re-building vignettes:
     ...
    
    This application has requested the Runtime to terminate it in an unusual way.
    Please contact the application's support team for more information.
    terminate called after throwing an instance of 'Rcpp::exception'
     what(): external pointer is not valid
Flavor: r-oldrel-windows-ix86+x86_64

Version: 2.1.6
Check: tests
Result: ERROR
     Running ‘test-all.R’ [3s/4s]
    Running the tests in ‘tests/test-all.R’ failed.
    Last 13 lines of output:
     > #
     > # POUMM is distributed in the hope that it will be useful,
     > # but WITHOUT ANY WARRANTY; without even the implied warranty of
     > # MERCHANTABILITY or FITNESS FOR A PARTICULAR PURPOSE. See the
     > # GNU General Public License for more details.
     > #
     > # You should have received a copy of the GNU General Public License
     > # along with POUMM If not, see <http://www.gnu.org/licenses/>.
     >
     > library(testthat)
     >
     > test_check("POUMM")
     Loading required package: POUMM
     Loading required package: Rcpp
     libc++abi.dylib: terminating with uncaught exception of type Rcpp::exception: external pointer is not valid
Flavor: r-oldrel-osx-x86_64

Version: 2.1.6
Check: re-building of vignette outputs
Result: WARN
    Error in re-building vignettes:
     ...
    Warning in engine$weave(file, quiet = quiet, encoding = enc) :
     Pandoc (>= 1.12.3) and/or pandoc-citeproc not available. Falling back to R Markdown v1.
    libc++abi.dylib: terminating with uncaught exception of type Rcpp::exception: external pointer is not valid
Flavor: r-oldrel-osx-x86_64