CRAN Package Check Results for Package POUMM

Last updated on 2021-07-23 22:53:17 CEST.

Flavor Version Tinstall Tcheck Ttotal Status Flags
r-devel-linux-x86_64-debian-clang 2.1.7 44.52 215.47 259.99 OK
r-devel-linux-x86_64-debian-gcc 2.1.7 37.38 155.62 193.00 OK
r-devel-linux-x86_64-fedora-clang 2.1.7 316.44 NOTE
r-devel-linux-x86_64-fedora-gcc 2.1.7 311.48 OK
r-devel-windows-x86_64 2.1.7 41.00 186.00 227.00 OK
r-devel-windows-x86_64-gcc10-UCRT 2.1.7 OK
r-patched-linux-x86_64 2.1.7 40.98 199.96 240.94 OK
r-patched-solaris-x86 2.1.7 367.10 OK
r-release-linux-x86_64 2.1.7 43.45 200.58 244.03 OK
r-release-macos-arm64 2.1.7 NOTE
r-release-macos-x86_64 2.1.7 NOTE
r-release-windows-ix86+x86_64 2.1.7 93.00 230.00 323.00 OK
r-oldrel-macos-x86_64 2.1.7 NOTE
r-oldrel-windows-ix86+x86_64 2.1.7 100.00 309.00 409.00 OK

Check Details

Version: 2.1.7
Check: installed package size
Result: NOTE
     installed size is 6.2Mb
     sub-directories of 1Mb or more:
     libs 5.4Mb
Flavors: r-devel-linux-x86_64-fedora-clang, r-release-macos-arm64, r-release-macos-x86_64, r-oldrel-macos-x86_64