CRAN Package Check Results for Package PPQplan

Last updated on 2019-09-21 22:49:05 CEST.

Flavor Version Tinstall Tcheck Ttotal Status Flags
r-devel-linux-x86_64-debian-clang 1.0.0 7.09 120.03 127.12 OK
r-devel-linux-x86_64-debian-gcc 1.0.0 6.65 88.82 95.47 OK
r-devel-linux-x86_64-fedora-clang 1.0.0 152.96 NOTE
r-devel-linux-x86_64-fedora-gcc 1.0.0 146.64 OK
r-devel-windows-ix86+x86_64 1.0.0 48.00 181.00 229.00 NOTE
r-patched-linux-x86_64 1.0.0 6.62 115.69 122.31 OK
r-patched-solaris-x86 1.0.0 137.10 WARN
r-release-linux-x86_64 1.0.0 7.51 115.07 122.58 OK
r-release-windows-ix86+x86_64 1.0.0 21.00 139.00 160.00 NOTE
r-release-osx-x86_64 1.0.0 WARN
r-oldrel-windows-ix86+x86_64 1.0.0 13.00 143.00 156.00 NOTE
r-oldrel-osx-x86_64 1.0.0 WARN

Check Details

Version: 1.0.0
Check: installed package size
Result: NOTE
     installed size is 12.0Mb
     sub-directories of 1Mb or more:
     doc 11.8Mb
Flavors: r-devel-linux-x86_64-fedora-clang, r-devel-windows-ix86+x86_64, r-patched-solaris-x86, r-release-windows-ix86+x86_64, r-release-osx-x86_64, r-oldrel-windows-ix86+x86_64, r-oldrel-osx-x86_64

Version: 1.0.0
Check: re-building of vignette outputs
Result: WARN
    Error(s) in re-building vignettes:
     ...
    --- re-building ‘PPQnote.Rmd’ using rmarkdown
    Warning in engine$weave(file, quiet = quiet, encoding = enc) :
     Pandoc (>= 1.12.3) and/or pandoc-citeproc not available. Falling back to R Markdown v1.
    --- finished re-building ‘PPQnote.Rmd’
    
    --- re-building ‘PPQplan-vignette.Rmd’ using rmarkdown
    Warning in engine$weave(file, quiet = quiet, encoding = enc) :
     Pandoc (>= 1.12.3) and/or pandoc-citeproc not available. Falling back to R Markdown v1.
    Warning in normalizePath(f2) :
     path[1]="webshot6997493024c0.png": No such file or directory
    Warning in file(con, "rb") :
     cannot open file 'webshot6997493024c0.png': No such file or directory
    Quitting from lines 135-136 (PPQplan-vignette.Rmd)
    Error: processing vignette 'PPQplan-vignette.Rmd' failed with diagnostics:
    cannot open the connection
    --- failed re-building ‘PPQplan-vignette.Rmd’
    
    SUMMARY: processing the following file failed:
     ‘PPQplan-vignette.Rmd’
    
    Error: Vignette re-building failed.
    Execution halted
Flavor: r-patched-solaris-x86

Version: 1.0.0
Check: whether package can be installed
Result: WARN
    Found the following significant warnings:
     Warning: 'rgl_init' failed, running with rgl.useNULL = TRUE
Flavors: r-release-osx-x86_64, r-oldrel-osx-x86_64

Version: 1.0.0
Check: dependencies in R code
Result: NOTE
    No protocol specified
Flavors: r-release-osx-x86_64, r-oldrel-osx-x86_64

Version: 1.0.0
Check: S3 generic/method consistency
Result: WARN
    No protocol specified
    See section ‘Generic functions and methods’ in the ‘Writing R
    Extensions’ manual.
Flavors: r-release-osx-x86_64, r-oldrel-osx-x86_64

Version: 1.0.0
Check: replacement functions
Result: WARN
    No protocol specified
    The argument of a replacement function which corresponds to the right
    hand side must be named ‘value’.
Flavors: r-release-osx-x86_64, r-oldrel-osx-x86_64

Version: 1.0.0
Check: foreign function calls
Result: NOTE
    No protocol specified
    See chapter ‘System and foreign language interfaces’ in the ‘Writing R
    Extensions’ manual.
Flavors: r-release-osx-x86_64, r-oldrel-osx-x86_64

Version: 1.0.0
Check: R code for possible problems
Result: NOTE
    No protocol specified
Flavors: r-release-osx-x86_64, r-oldrel-osx-x86_64

Version: 1.0.0
Check: for missing documentation entries
Result: WARN
    No protocol specified
    All user-level objects in a package should have documentation entries.
    See chapter ‘Writing R documentation files’ in the ‘Writing R
    Extensions’ manual.
Flavors: r-release-osx-x86_64, r-oldrel-osx-x86_64

Version: 1.0.0
Check: for code/documentation mismatches
Result: WARN
    No protocol specified
    No protocol specified
    No protocol specified
Flavors: r-release-osx-x86_64, r-oldrel-osx-x86_64

Version: 1.0.0
Check: Rd \usage sections
Result: NOTE
    No protocol specified
    The \usage entries for S3 methods should use the \method markup and not
    their full name.
    See chapter ‘Writing R documentation files’ in the ‘Writing R
    Extensions’ manual.
Flavors: r-release-osx-x86_64, r-oldrel-osx-x86_64

Version: 1.0.0
Check: re-building of vignette outputs
Result: WARN
    Error(s) in re-building vignettes:
     ...
    --- re-building ‘PPQnote.Rmd’ using rmarkdown
    Warning in engine$weave(file, quiet = quiet, encoding = enc) :
     Pandoc (>= 1.12.3) and/or pandoc-citeproc not available. Falling back to R Markdown v1.
    --- finished re-building ‘PPQnote.Rmd’
    
    --- re-building ‘PPQplan-vignette.Rmd’ using rmarkdown
    Warning in engine$weave(file, quiet = quiet, encoding = enc) :
     Pandoc (>= 1.12.3) and/or pandoc-citeproc not available. Falling back to R Markdown v1.
    No protocol specified
    Warning in normalizePath(f2) :
     path[1]="webshot83bd39d2f15.png": No such file or directory
    Warning in file(con, "rb") :
     cannot open file 'webshot83bd39d2f15.png': No such file or directory
    Quitting from lines 135-136 (PPQplan-vignette.Rmd)
    Error: processing vignette 'PPQplan-vignette.Rmd' failed with diagnostics:
    cannot open the connection
    --- failed re-building ‘PPQplan-vignette.Rmd’
    
    SUMMARY: processing the following file failed:
     ‘PPQplan-vignette.Rmd’
    
    Error: Vignette re-building failed.
    Execution halted
Flavor: r-release-osx-x86_64

Version: 1.0.0
Check: re-building of vignette outputs
Result: WARN
    Error in re-building vignettes:
     ...
    Warning in engine$weave(file, quiet = quiet, encoding = enc) :
     Pandoc (>= 1.12.3) and/or pandoc-citeproc not available. Falling back to R Markdown v1.
    Warning in engine$weave(file, quiet = quiet, encoding = enc) :
     Pandoc (>= 1.12.3) and/or pandoc-citeproc not available. Falling back to R Markdown v1.
    No protocol specified
    Warning in normalizePath(f2) :
     path[1]="webshot14bcf369ecf62.png": No such file or directory
    Warning in file(con, "rb") :
     cannot open file 'webshot14bcf369ecf62.png': No such file or directory
    Quitting from lines 135-136 (PPQplan-vignette.Rmd)
    Error: processing vignette 'PPQplan-vignette.Rmd' failed with diagnostics:
    cannot open the connection
    Execution halted
Flavor: r-oldrel-osx-x86_64