CRAN Package Check Results for Package PPQplan

Last updated on 2021-11-27 22:57:06 CET.

Flavor Version Tinstall Tcheck Ttotal Status Flags
r-devel-linux-x86_64-debian-clang 1.1.0 NOTE
r-devel-linux-x86_64-debian-gcc 1.1.0 4.55 98.23 102.78 NOTE
r-devel-linux-x86_64-fedora-clang 1.1.0 181.86 NOTE
r-devel-linux-x86_64-fedora-gcc 1.1.0 173.38 NOTE
r-devel-windows-x86_64-new-UL 1.1.0 23.00 192.00 215.00 NOTE
r-devel-windows-x86_64-new-TK 1.1.0 NOTE
r-devel-windows-x86_64-old 1.1.0 13.00 124.00 137.00 NOTE
r-patched-linux-x86_64 1.1.0 8.54 126.80 135.34 NOTE
r-patched-solaris-x86 1.1.0 107.20 NOTE
r-release-linux-x86_64 1.1.0 NOTE
r-release-macos-arm64 1.1.0 NOTE
r-release-macos-x86_64 1.1.0 WARN
r-release-windows-ix86+x86_64 1.1.0 19.00 159.00 178.00 NOTE
r-oldrel-macos-x86_64 1.1.0 WARN
r-oldrel-windows-ix86+x86_64 1.1.0 20.00 160.00 180.00 NOTE

Check Details

Version: 1.1.0
Check: LazyData
Result: NOTE
     'LazyData' is specified without a 'data' directory
Flavors: r-devel-linux-x86_64-debian-clang, r-devel-linux-x86_64-debian-gcc, r-devel-linux-x86_64-fedora-clang, r-devel-linux-x86_64-fedora-gcc, r-devel-windows-x86_64-new-UL, r-devel-windows-x86_64-new-TK, r-devel-windows-x86_64-old, r-patched-linux-x86_64, r-patched-solaris-x86, r-release-linux-x86_64, r-release-macos-arm64, r-release-macos-x86_64, r-release-windows-ix86+x86_64

Version: 1.1.0
Check: installed package size
Result: NOTE
     installed size is 12.1Mb
     sub-directories of 1Mb or more:
     doc 12.0Mb
Flavors: r-devel-linux-x86_64-fedora-clang, r-devel-windows-x86_64-new-UL, r-devel-windows-x86_64-old, r-patched-solaris-x86, r-release-macos-arm64, r-release-macos-x86_64, r-release-windows-ix86+x86_64, r-oldrel-macos-x86_64, r-oldrel-windows-ix86+x86_64

Version: 1.1.0
Check: re-building of vignette outputs
Result: WARN
    Error(s) in re-building vignettes:
     ...
    --- re-building ‘PPQnote.Rmd’ using rmarkdown
    Warning in engine$weave(file, quiet = quiet, encoding = enc) :
     Pandoc (>= 1.12.3) not available. Falling back to R Markdown v1.
    --- finished re-building ‘PPQnote.Rmd’
    
    --- re-building ‘PPQplan-vignette.Rmd’ using rmarkdown
    Warning in engine$weave(file, quiet = quiet, encoding = enc) :
     Pandoc (>= 1.12.3) not available. Falling back to R Markdown v1.
    Quitting from lines 130-131 (PPQplan-vignette.Rmd)
    Error: processing vignette 'PPQplan-vignette.Rmd' failed with diagnostics:
    invalid 'path' argument
    --- failed re-building ‘PPQplan-vignette.Rmd’
    
    SUMMARY: processing the following file failed:
     ‘PPQplan-vignette.Rmd’
    
    Error: Vignette re-building failed.
    Execution halted
Flavor: r-release-macos-x86_64

Version: 1.1.0
Check: re-building of vignette outputs
Result: WARN
    Error(s) in re-building vignettes:
     ...
    --- re-building ‘PPQnote.Rmd’ using rmarkdown
    Warning in engine$weave(file, quiet = quiet, encoding = enc) :
     Pandoc (>= 1.12.3) and/or pandoc-citeproc not available. Falling back to R Markdown v1.
    --- finished re-building ‘PPQnote.Rmd’
    
    --- re-building ‘PPQplan-vignette.Rmd’ using rmarkdown
    Warning in engine$weave(file, quiet = quiet, encoding = enc) :
     Pandoc (>= 1.12.3) and/or pandoc-citeproc not available. Falling back to R Markdown v1.
    Warning in normalizePath(f2) :
     path[1]="webshot15e404e0de3dd.png": No such file or directory
    Warning in file(con, "rb") :
     cannot open file 'webshot15e404e0de3dd.png': No such file or directory
    Quitting from lines 130-131 (PPQplan-vignette.Rmd)
    Error: processing vignette 'PPQplan-vignette.Rmd' failed with diagnostics:
    cannot open the connection
    --- failed re-building ‘PPQplan-vignette.Rmd’
    
    SUMMARY: processing the following file failed:
     ‘PPQplan-vignette.Rmd’
    
    Error: Vignette re-building failed.
    Execution halted
Flavor: r-oldrel-macos-x86_64