CRAN Package Check Results for Package PPSFS

Last updated on 2024-02-25 23:02:16 CET.

Flavor Version Tinstall Tcheck Ttotal Status Flags
r-devel-linux-x86_64-debian-clang 0.1.0 37.09 68.98 106.07 NOTE
r-devel-linux-x86_64-debian-gcc 0.1.0 28.75 52.20 80.95 NOTE
r-devel-linux-x86_64-fedora-clang 0.1.0 139.09 NOTE
r-devel-linux-x86_64-fedora-gcc 0.1.0 134.09 NOTE
r-devel-windows-x86_64 0.1.0 30.00 88.00 118.00 NOTE
r-patched-linux-x86_64 0.1.0 34.13 66.87 101.00 NOTE
r-release-linux-x86_64 0.1.0 36.16 67.57 103.73 NOTE
r-release-macos-arm64 0.1.0 42.00 NOTE
r-release-macos-x86_64 0.1.0 68.00 NOTE
r-release-windows-x86_64 0.1.0 38.00 99.00 137.00 NOTE
r-oldrel-macos-arm64 0.1.0 37.00 OK
r-oldrel-windows-x86_64 0.1.0 37.00 98.00 135.00 OK

Check Details

Version: 0.1.0
Check: C++ specification
Result: NOTE Specified C++11: please drop specification unless essential Flavors: r-devel-linux-x86_64-debian-clang, r-devel-linux-x86_64-debian-gcc, r-devel-linux-x86_64-fedora-clang, r-devel-linux-x86_64-fedora-gcc, r-devel-windows-x86_64, r-patched-linux-x86_64, r-release-linux-x86_64, r-release-macos-arm64, r-release-macos-x86_64, r-release-windows-x86_64