CRAN Package Check Results for Package PPforest

Last updated on 2021-07-29 00:49:20 CEST.

Flavor Version Tinstall Tcheck Ttotal Status Flags
r-devel-linux-x86_64-debian-clang 0.1.1 OK
r-devel-linux-x86_64-debian-gcc 0.1.1 34.21 63.28 97.49 OK
r-devel-linux-x86_64-fedora-clang 0.1.1 175.55 OK
r-devel-linux-x86_64-fedora-gcc 0.1.1 161.57 OK
r-devel-windows-x86_64 0.1.1 52.00 129.00 181.00 OK
r-devel-windows-x86_64-gcc10-UCRT 0.1.1 OK
r-patched-linux-x86_64 0.1.1 41.17 80.28 121.45 OK
r-patched-solaris-x86 0.1.1 177.20 OK
r-release-linux-x86_64 0.1.1 38.94 79.57 118.51 OK
r-release-macos-arm64 0.1.1 WARN
r-release-macos-x86_64 0.1.1 NOTE
r-release-windows-ix86+x86_64 0.1.1 108.00 167.00 275.00 OK
r-oldrel-macos-x86_64 0.1.1 NOTE
r-oldrel-windows-ix86+x86_64 0.1.1 84.00 179.00 263.00 OK

Check Details

Version: 0.1.1
Check: installed package size
Result: NOTE
     installed size is 6.4Mb
     sub-directories of 1Mb or more:
     libs 5.2Mb
Flavors: r-release-macos-arm64, r-release-macos-x86_64, r-oldrel-macos-x86_64

Version: 0.1.1
Check: re-building of vignette outputs
Result: WARN
    Error(s) in re-building vignettes:
    --- re-building ‘PPforest-vignette.Rmd’ using rmarkdown
    Warning in engine$weave(file, quiet = quiet, encoding = enc) :
     Pandoc (>= 1.12.3) not available. Falling back to R Markdown v1.
    Loading required package: PPforest
    Loading required package: dplyr
    
    Attaching package: 'dplyr'
    
    The following objects are masked from 'package:stats':
    
     filter, lag
    
    The following objects are masked from 'package:base':
    
     intersect, setdiff, setequal, union
    
    Loading required package: RColorBrewer
    Loading required package: GGally
    Loading required package: ggplot2
    Loading required package: gridExtra
    
    Attaching package: 'gridExtra'
    
    The following object is masked from 'package:dplyr':
    
     combine
    
    Loading required package: PPtreeViz
    Loading required package: partykit
    Loading required package: grid
    Loading required package: libcoin
    Loading required package: mvtnorm
    Loading required package: Rcpp
    Warning in grid.Call(C_stringMetric, as.graphicsAnnot(x$label)) :
     font "Times-Roman" could not be found for family "serif"
    Warning in grid.Call(C_stringMetric, as.graphicsAnnot(x$label)) :
     font "Times-Roman" could not be found for family "serif"
    Warning in grid.Call(C_stringMetric, as.graphicsAnnot(x$label)) :
     font "Times-Roman" could not be found for family "serif"
    Warning in grid.Call(C_stringMetric, as.graphicsAnnot(x$label)) :
     font "Times-Roman" could not be found for family "serif"
    Warning in grid.Call(C_stringMetric, as.graphicsAnnot(x$label)) :
     font "Times-Roman" could not be found for family "serif"
    Warning in grid.Call(C_stringMetric, as.graphicsAnnot(x$label)) :
     font "Times-Roman" could not be found for family "serif"
    Warning in grid.Call(C_stringMetric, as.graphicsAnnot(x$label)) :
     font "Times-Roman" could not be found for family "serif"
    Warning in grid.Call(C_stringMetric, as.graphicsAnnot(x$label)) :
     font "Times-Roman" could not be found for family "serif"
    Warning in grid.Call(C_stringMetric, as.graphicsAnnot(x$label)) :
     font "Times-Roman" could not be found for family "serif"
    Warning in grid.Call(C_stringMetric, as.graphicsAnnot(x$label)) :
     font "Times-Roman" could not be found for family "serif"
    Warning in grid.Call(C_stringMetric, as.graphicsAnnot(x$label)) :
     font "Times-Roman" could not be found for family "serif"
    Warning in grid.Call(C_stringMetric, as.graphicsAnnot(x$label)) :
     font "Times-Roman" could not be found for family "serif"
    Warning in grid.Call(C_stringMetric, as.graphicsAnnot(x$label)) :
     font "Times-Roman" could not be found for family "serif"
    Warning in grid.Call(C_stringMetric, as.graphicsAnnot(x$label)) :
     font "Times-Roman" could not be found for family "serif"
    Warning in grid.Call(C_textBounds, as.graphicsAnnot(x$label), x$x, x$y, :
     font "Times-Roman" could not be found for family "serif"
    Quitting from lines 118-129 (PPforest-vignette.Rmd)
    Error: processing vignette 'PPforest-vignette.Rmd' failed with diagnostics:
    polygon edge not found
    --- failed re-building ‘PPforest-vignette.Rmd’
    
    SUMMARY: processing the following file failed:
     ‘PPforest-vignette.Rmd’
    
    Error: Vignette re-building failed.
    Execution halted
Flavor: r-release-macos-arm64