CRAN Package Check Results for Package PQLseq

Last updated on 2019-07-16 07:50:59 CEST.

Flavor Version Tinstall Tcheck Ttotal Status Flags
r-devel-linux-x86_64-debian-clang 1.1 40.36 54.94 95.30 NOTE
r-devel-linux-x86_64-debian-gcc 1.1 35.70 44.69 80.39 NOTE
r-devel-linux-x86_64-fedora-clang 1.1 134.68 NOTE
r-devel-linux-x86_64-fedora-gcc 1.1 133.69 NOTE
r-devel-windows-ix86+x86_64 1.1 127.00 100.00 227.00 OK
r-patched-linux-x86_64 1.1 43.70 55.12 98.82 NOTE
r-patched-solaris-x86 1.1 164.90 OK
r-release-linux-x86_64 1.1 40.17 54.17 94.34 NOTE
r-release-windows-ix86+x86_64 1.1 81.00 147.00 228.00 OK
r-release-osx-x86_64 1.1 OK
r-oldrel-windows-ix86+x86_64 1.1 114.00 100.00 214.00 OK
r-oldrel-osx-x86_64 1.1 OK

Check Details

Version: 1.1
Check: use of SHLIB_OPENMP_*FLAGS in Makefiles
Result: NOTE
     src/Makevars: SHLIB_OPENMP_CXXFLAGS is included in PKG_CXXFLAGS but not in PKG_LIBS
     src/Makevars: SHLIB_OPENMP_CFLAGS is included in PKG_LIBS but linking is by C++
     src/Makevars.win: SHLIB_OPENMP_CXXFLAGS is included in PKG_CXXFLAGS but not in PKG_LIBS
     src/Makevars.win: SHLIB_OPENMP_CFLAGS is included in PKG_LIBS but linking is by C++
    Use of these macros is discussed in sect 1.2.1.1 of 'Writing R
    Extensions'. The macros for different languages may differ so the
    matching macro must be used in PKG_CXXFLAGS (etc) and match that used
    in PKG_LIBS (except for Fortran: see the manual).
Flavors: r-devel-linux-x86_64-debian-clang, r-devel-linux-x86_64-debian-gcc, r-devel-linux-x86_64-fedora-clang, r-devel-linux-x86_64-fedora-gcc, r-patched-linux-x86_64, r-release-linux-x86_64