Last updated on 2024-04-17 23:00:03 CEST.
Flavor | Version | Tinstall | Tcheck | Ttotal | Status | Flags |
---|---|---|---|---|---|---|
r-devel-linux-x86_64-debian-clang | 1.0.2 | 59.36 | 71.32 | 130.68 | NOTE | |
r-devel-linux-x86_64-debian-gcc | 1.0.2 | 47.41 | 56.12 | 103.53 | NOTE | |
r-devel-linux-x86_64-fedora-clang | 1.0.2 | 160.39 | NOTE | |||
r-devel-linux-x86_64-fedora-gcc | 1.0.2 | 183.19 | NOTE | |||
r-prerel-macos-arm64 | 1.0.2 | 51.00 | NOTE | |||
r-prerel-windows-x86_64 | 1.0.2 | 40.00 | 98.00 | 138.00 | NOTE | |
r-patched-linux-x86_64 | 1.0.2 | 49.68 | 71.65 | 121.33 | NOTE | |
r-release-linux-x86_64 | 1.0.2 | 57.40 | 71.04 | 128.44 | NOTE | |
r-release-macos-arm64 | 1.0.2 | 58.00 | NOTE | |||
r-release-macos-x86_64 | 1.0.2 | 99.00 | NOTE | |||
r-release-windows-x86_64 | 1.0.2 | 48.00 | 116.00 | 164.00 | NOTE | |
r-oldrel-macos-arm64 | 1.0.2 | 45.00 | NOTE | |||
r-oldrel-windows-x86_64 | 1.0.2 | 46.00 | 110.00 | 156.00 | OK |
Version: 1.0.2
Check: C++ specification
Result: NOTE
Specified C++11: please drop specification unless essential
Flavors: r-devel-linux-x86_64-debian-clang, r-devel-linux-x86_64-debian-gcc, r-devel-linux-x86_64-fedora-clang, r-devel-linux-x86_64-fedora-gcc, r-prerel-macos-arm64, r-prerel-windows-x86_64, r-patched-linux-x86_64, r-release-linux-x86_64, r-release-macos-arm64, r-release-macos-x86_64, r-release-windows-x86_64
Version: 1.0.2
Check: compiled code
Result: NOTE
File ‘PRIMAL/libs/PRIMAL.so’:
Found no calls to: ‘R_registerRoutines’, ‘R_useDynamicSymbols’
It is good practice to register native routines and to disable symbol
search.
See ‘Writing portable packages’ in the ‘Writing R Extensions’ manual.
Flavors: r-devel-linux-x86_64-fedora-clang, r-devel-linux-x86_64-fedora-gcc
Version: 1.0.2
Check: installed package size
Result: NOTE
installed size is 10.5Mb
sub-directories of 1Mb or more:
libs 10.1Mb
Flavors: r-prerel-macos-arm64, r-release-macos-arm64, r-release-macos-x86_64, r-oldrel-macos-arm64