CRAN Package Check Results for Package PRISMAstatement

Last updated on 2020-02-17 22:49:43 CET.

Flavor Version Tinstall Tcheck Ttotal Status Flags
r-devel-linux-x86_64-debian-clang 1.1.1 2.77 37.53 40.30 OK
r-devel-linux-x86_64-debian-gcc 1.1.1 2.18 29.21 31.39 OK
r-devel-linux-x86_64-fedora-clang 1.1.1 48.20 NOTE
r-devel-linux-x86_64-fedora-gcc 1.1.1 47.47 OK
r-devel-windows-ix86+x86_64 1.1.1 10.00 53.00 63.00 OK
r-devel-windows-ix86+x86_64-gcc8 1.1.1 14.00 72.00 86.00 OK
r-patched-linux-x86_64 1.1.1 2.17 34.82 36.99 OK
r-patched-solaris-x86 1.1.1 50.70 WARN
r-release-linux-x86_64 1.1.1 2.39 34.78 37.17 OK
r-release-windows-ix86+x86_64 1.1.1 7.00 50.00 57.00 OK
r-release-osx-x86_64 1.1.1 WARN
r-oldrel-windows-ix86+x86_64 1.1.1 5.00 50.00 55.00 OK
r-oldrel-osx-x86_64 1.1.1 WARN

Check Details

Version: 1.1.1
Check: installed package size
Result: NOTE
     installed size is 5.0Mb
     sub-directories of 1Mb or more:
     doc 4.8Mb
Flavors: r-devel-linux-x86_64-fedora-clang, r-patched-solaris-x86

Version: 1.1.1
Check: package dependencies
Result: NOTE
    Package suggested but not available for checking: ‘rsvg’
Flavor: r-patched-solaris-x86

Version: 1.1.1
Check: re-building of vignette outputs
Result: WARN
    Error(s) in re-building vignettes:
     ...
    --- re-building ‘PRISMA.Rmd’ using rmarkdown
    Warning in engine$weave(file, quiet = quiet, encoding = enc) :
     Pandoc (>= 1.12.3) and/or pandoc-citeproc not available. Falling back to R Markdown v1.
    Quitting from lines 39-52 (PRISMA.Rmd)
    Error: processing vignette 'PRISMA.Rmd' failed with diagnostics:
    there is no package called 'webshot'
    --- failed re-building ‘PRISMA.Rmd’
    
    --- re-building ‘exclusionflowcharts.Rmd’ using rmarkdown
    Warning in engine$weave(file, quiet = quiet, encoding = enc) :
     Pandoc (>= 1.12.3) and/or pandoc-citeproc not available. Falling back to R Markdown v1.
    Quitting from lines 25-31 (exclusionflowcharts.Rmd)
    Error: processing vignette 'exclusionflowcharts.Rmd' failed with diagnostics:
    there is no package called 'webshot'
    --- failed re-building ‘exclusionflowcharts.Rmd’
    
    SUMMARY: processing the following files failed:
     ‘PRISMA.Rmd’ ‘exclusionflowcharts.Rmd’
    
    Error: Vignette re-building failed.
    Execution halted
Flavor: r-patched-solaris-x86

Version: 1.1.1
Check: re-building of vignette outputs
Result: WARN
    Error(s) in re-building vignettes:
     ...
    --- re-building ‘PRISMA.Rmd’ using rmarkdown
    Warning in engine$weave(file, quiet = quiet, encoding = enc) :
     Pandoc (>= 1.12.3) and/or pandoc-citeproc not available. Falling back to R Markdown v1.
    Quitting from lines 39-52 (PRISMA.Rmd)
    Error: processing vignette 'PRISMA.Rmd' failed with diagnostics:
    cannot open the connection
    --- failed re-building ‘PRISMA.Rmd’
    
    --- re-building ‘exclusionflowcharts.Rmd’ using rmarkdown
    Warning in engine$weave(file, quiet = quiet, encoding = enc) :
     Pandoc (>= 1.12.3) and/or pandoc-citeproc not available. Falling back to R Markdown v1.
    Quitting from lines 25-31 (exclusionflowcharts.Rmd)
    Error: processing vignette 'exclusionflowcharts.Rmd' failed with diagnostics:
    cannot open the connection
    --- failed re-building ‘exclusionflowcharts.Rmd’
    
    SUMMARY: processing the following files failed:
     ‘PRISMA.Rmd’ ‘exclusionflowcharts.Rmd’
    
    Error: Vignette re-building failed.
    Execution halted
Flavor: r-release-osx-x86_64

Version: 1.1.1
Check: re-building of vignette outputs
Result: WARN
    Error in re-building vignettes:
     ...
    Warning in engine$weave(file, quiet = quiet, encoding = enc) :
     Pandoc (>= 1.12.3) and/or pandoc-citeproc not available. Falling back to R Markdown v1.
    Quitting from lines 39-52 (PRISMA.Rmd)
    Error: processing vignette 'PRISMA.Rmd' failed with diagnostics:
    cannot open the connection
    Execution halted
Flavor: r-oldrel-osx-x86_64