Last updated on 2024-04-19 22:55:58 CEST.
Flavor | Version | Tinstall | Tcheck | Ttotal | Status | Flags |
---|---|---|---|---|---|---|
r-devel-linux-x86_64-debian-clang | 0.4.5 | 8.01 | 33.95 | 41.96 | NOTE | |
r-devel-linux-x86_64-debian-gcc | 0.4.5 | NOTE | ||||
r-devel-linux-x86_64-fedora-clang | 0.4.5 | 53.09 | NOTE | |||
r-devel-linux-x86_64-fedora-gcc | 0.4.5 | 63.81 | NOTE | |||
r-prerel-macos-arm64 | 0.4.5 | 37.00 | NOTE | |||
r-prerel-windows-x86_64 | 0.4.5 | 7.00 | 5.00 | 12.00 | ERROR | |
r-patched-linux-x86_64 | 0.4.5 | 5.39 | 32.86 | 38.25 | NOTE | |
r-release-linux-x86_64 | 0.4.5 | 5.10 | 31.31 | 36.41 | OK | |
r-release-macos-arm64 | 0.4.5 | 48.00 | NOTE | |||
r-release-macos-x86_64 | 0.4.5 | 81.00 | OK | |||
r-release-windows-x86_64 | 0.4.5 | 14.00 | 212.00 | 226.00 | NOTE | |
r-oldrel-macos-arm64 | 0.4.5 | 41.00 | NOTE | |||
r-oldrel-windows-x86_64 | 0.4.5 | 15.00 | 143.00 | 158.00 | NOTE |
Version: 0.4.5
Check: HTML version of manual
Result: NOTE
Found the following HTML validation problems:
proj_crs_text.html:65:1 (proj_crs_text.Rd:29): Warning: trimming empty <h3>
Flavors: r-devel-linux-x86_64-debian-clang, r-devel-linux-x86_64-debian-gcc, r-devel-linux-x86_64-fedora-clang, r-devel-linux-x86_64-fedora-gcc, r-patched-linux-x86_64
Version: 0.4.5
Check: installed package size
Result: NOTE
installed size is 17.8Mb
sub-directories of 1Mb or more:
libs 17.5Mb
Flavors: r-prerel-macos-arm64, r-release-macos-arm64, r-release-windows-x86_64, r-oldrel-macos-arm64, r-oldrel-windows-x86_64
Version: 0.4.5
Check: whether package can be installed
Result: ERROR
Installation failed.
Flavor: r-prerel-windows-x86_64