CRAN Package Check Results for Package PSCBS

Last updated on 2021-08-02 22:54:44 CEST.

Flavor Version Tinstall Tcheck Ttotal Status Flags
r-devel-linux-x86_64-debian-clang 0.65.0 17.82 310.08 327.90 OK
r-devel-linux-x86_64-debian-gcc 0.65.0 15.26 244.35 259.61 OK
r-devel-linux-x86_64-fedora-clang 0.65.0 393.58 OK
r-devel-linux-x86_64-fedora-gcc 0.65.0 402.84 OK
r-devel-windows-x86_64 0.65.0 20.00 420.00 440.00 OK
r-devel-windows-x86_64-gcc10-UCRT 0.65.0 OK
r-patched-linux-x86_64 0.65.0 OK
r-patched-solaris-x86 0.65.0 763.10 OK
r-release-linux-x86_64 0.65.0 17.05 307.91 324.96 OK
r-release-macos-arm64 0.65.0 ERROR
r-release-macos-x86_64 0.65.0 ERROR
r-release-windows-ix86+x86_64 0.65.0 32.00 330.00 362.00 OK
r-oldrel-macos-x86_64 0.65.0 OK
r-oldrel-windows-ix86+x86_64 0.65.0 23.00 415.00 438.00 OK

Check Details

Version: 0.65.0
Check: package dependencies
Result: ERROR
    Package required but not available: ‘aroma.light’
    
    See section ‘The DESCRIPTION file’ in the ‘Writing R Extensions’
    manual.
Flavor: r-release-macos-arm64

Version: 0.65.0
Check: running R code from vignettes
Result: ERROR
    Errors in running code in vignettes:
    when running code in ‘CBS.tex.rsp’
     ...
    
    > t0 <- Sys.time()
    
    > R.utils::use("R.utils")
    
    > R.rsp <- R.oo::Package("R.rsp")
    
     When sourcing ‘CBS.R’:
    Error: Package is not installed: R.rsp
    Execution halted
    
     ‘CBS.tex.rsp’... failed
     ‘PairedPSCBS.tex.rsp’... [25s/31s] OK
Flavor: r-release-macos-x86_64