CRAN Package Check Results for Package PSLM2015

Last updated on 2024-02-25 23:02:16 CET.

Flavor Version Tinstall Tcheck Ttotal Status Flags
r-devel-linux-x86_64-debian-clang 0.2.0 7.95 50.02 57.97 OK
r-devel-linux-x86_64-debian-gcc 0.2.0 6.29 37.79 44.08 OK
r-devel-linux-x86_64-fedora-clang 0.2.0 71.08 NOTE
r-devel-linux-x86_64-fedora-gcc 0.2.0 66.06 NOTE
r-devel-windows-x86_64 0.2.0 9.00 57.00 66.00 OK
r-patched-linux-x86_64 0.2.0 7.65 47.49 55.14 OK
r-release-linux-x86_64 0.2.0 7.76 47.89 55.65 OK
r-release-macos-arm64 0.2.0 27.00 NOTE
r-release-macos-x86_64 0.2.0 40.00 NOTE
r-release-windows-x86_64 0.2.0 12.00 63.00 75.00 OK
r-oldrel-macos-arm64 0.2.0 27.00 NOTE
r-oldrel-windows-x86_64 0.2.0 12.00 73.00 85.00 OK

Check Details

Version: 0.2.0
Check: data for non-ASCII characters
Result: NOTE Note: found 26 marked Latin-1 strings Flavors: r-devel-linux-x86_64-fedora-clang, r-devel-linux-x86_64-fedora-gcc, r-oldrel-macos-arm64

Version: 0.2.0
Check: installed package size
Result: NOTE installed size is 5.3Mb sub-directories of 1Mb or more: data 5.2Mb Flavors: r-release-macos-arm64, r-release-macos-x86_64, r-oldrel-macos-arm64