Last updated on 2023-09-29 21:54:02 CEST.
Flavor | Version | Tinstall | Tcheck | Ttotal | Status | Flags |
---|---|---|---|---|---|---|
r-devel-linux-x86_64-debian-clang | 0.2.4 | 5.88 | 80.52 | 86.40 | OK | |
r-devel-linux-x86_64-debian-gcc | 0.2.4 | 4.10 | 59.38 | 63.48 | OK | |
r-devel-linux-x86_64-fedora-clang | 0.2.4 | 105.11 | NOTE | |||
r-devel-linux-x86_64-fedora-gcc | 0.2.4 | 119.89 | OK | |||
r-devel-windows-x86_64 | 0.2.4 | 6.00 | 87.00 | 93.00 | OK | |
r-patched-linux-x86_64 | 0.2.4 | 6.26 | 77.60 | 83.86 | OK | |
r-release-linux-x86_64 | 0.2.4 | 5.99 | 76.78 | 82.77 | OK | |
r-release-macos-arm64 | 0.2.4 | 39.00 | OK | |||
r-release-macos-x86_64 | 0.2.4 | 63.00 | OK | |||
r-release-windows-x86_64 | 0.2.4 | 7.00 | 99.00 | 106.00 | OK | |
r-oldrel-macos-arm64 | 0.2.4 | 33.00 | OK | |||
r-oldrel-macos-x86_64 | 0.2.4 | 42.00 | OK | |||
r-oldrel-windows-x86_64 | 0.2.4 | 10.00 | 93.00 | 103.00 | OK |
Version: 0.2.4
Check: Rd cross-references
Result: NOTE
Undeclared package ‘entropy’ in Rd xrefs
Flavor: r-devel-linux-x86_64-fedora-clang