CRAN Package Check Results for Package PSSMCOOL

Last updated on 2021-10-24 22:50:31 CEST.

Flavor Version Tinstall Tcheck Ttotal Status Flags
r-devel-linux-x86_64-debian-clang 0.2.2 5.32 62.76 68.08 OK
r-devel-linux-x86_64-debian-gcc 0.2.2 5.11 47.13 52.24 OK
r-devel-linux-x86_64-fedora-clang 0.2.2 89.19 NOTE
r-devel-linux-x86_64-fedora-gcc 0.2.2 80.41 OK
r-devel-windows-x86_64 0.2.2 10.00 89.00 99.00 OK
r-devel-windows-x86_64-gcc10-UCRT 0.2.2 OK
r-patched-linux-x86_64 0.2.2 6.49 60.23 66.72 OK
r-patched-solaris-x86 0.2.2 101.40 OK
r-release-linux-x86_64 0.2.2 5.17 59.98 65.15 OK
r-release-macos-arm64 0.2.2 OK
r-release-macos-x86_64 0.2.2 OK
r-release-windows-ix86+x86_64 0.2.2 8.00 88.00 96.00 OK
r-oldrel-macos-x86_64 0.2.2 OK
r-oldrel-windows-ix86+x86_64 0.2.2 10.00 86.00 96.00 OK

Check Details

Version: 0.2.2
Check: Rd cross-references
Result: NOTE
    Undeclared package ‘entropy’ in Rd xrefs
Flavor: r-devel-linux-x86_64-fedora-clang