CRAN Package Check Results for Package PSSMCOOL

Last updated on 2021-08-01 22:49:58 CEST.

Flavor Version Tinstall Tcheck Ttotal Status Flags
r-devel-linux-x86_64-debian-clang 0.2.1 5.14 53.16 58.30 NOTE
r-devel-linux-x86_64-debian-gcc 0.2.1 4.17 39.44 43.61 NOTE
r-devel-linux-x86_64-fedora-clang 0.2.1 76.40 NOTE
r-devel-linux-x86_64-fedora-gcc 0.2.1 67.05 NOTE
r-devel-windows-x86_64 0.2.1 8.00 74.00 82.00 NOTE
r-devel-windows-x86_64-gcc10-UCRT 0.2.1 NOTE
r-patched-linux-x86_64 0.2.1 NOTE
r-patched-solaris-x86 0.2.1 94.80 NOTE
r-release-linux-x86_64 0.2.1 4.47 50.40 54.87 NOTE
r-release-macos-arm64 0.2.1 NOTE
r-release-macos-x86_64 0.2.1 NOTE
r-release-windows-ix86+x86_64 0.2.1 10.00 51.00 61.00 NOTE
r-oldrel-macos-x86_64 0.2.1 OK
r-oldrel-windows-ix86+x86_64 0.2.1 7.00 70.00 77.00 OK

Check Details

Version: 0.2.1
Check: LazyData
Result: NOTE
     'LazyData' is specified without a 'data' directory
Flavors: r-devel-linux-x86_64-debian-clang, r-devel-linux-x86_64-debian-gcc, r-devel-linux-x86_64-fedora-clang, r-devel-linux-x86_64-fedora-gcc, r-devel-windows-x86_64, r-devel-windows-x86_64-gcc10-UCRT, r-patched-linux-x86_64, r-patched-solaris-x86, r-release-linux-x86_64, r-release-macos-arm64, r-release-macos-x86_64, r-release-windows-ix86+x86_64

Version: 0.2.1
Check: Rd cross-references
Result: NOTE
    Undeclared package ‘entropy’ in Rd xrefs
Flavor: r-devel-linux-x86_64-fedora-clang