CRAN Package Check Results for Package PaRe

Last updated on 2024-03-03 22:58:58 CET.

Flavor Version Tinstall Tcheck Ttotal Status Flags
r-devel-linux-x86_64-debian-clang 0.1.12 12.87 113.89 126.76 NOTE
r-devel-linux-x86_64-debian-gcc 0.1.12 10.11 86.44 96.55 NOTE
r-devel-linux-x86_64-fedora-clang 0.1.12 154.14 NOTE
r-devel-linux-x86_64-fedora-gcc 0.1.12 156.91 NOTE
r-devel-windows-x86_64 0.1.12 11.00 105.00 116.00 OK
r-patched-linux-x86_64 0.1.12 9.94 109.66 119.60 OK
r-release-linux-x86_64 0.1.12 8.31 110.69 119.00 OK
r-release-macos-arm64 0.1.12 59.00 OK
r-release-macos-x86_64 0.1.12 110.00 OK
r-release-windows-x86_64 0.1.12 15.00 128.00 143.00 OK
r-oldrel-macos-arm64 0.1.12 54.00 OK
r-oldrel-windows-x86_64 0.1.12 16.00 135.00 151.00 OK

Check Details

Version: 0.1.12
Check: Rd files
Result: NOTE checkRd: (-1) Code.Rd:68: Lost braces 68 | ([base]{character}) | ^ checkRd: (-1) printMessage.Rd:10: Lost braces 10 | \item{notPermitted}{([base]{data.frame})} | ^ checkRd: (-1) printMessage.Rd:12: Lost braces 12 | \item{versionCheck}{([base]{data.frame})} | ^ Flavors: r-devel-linux-x86_64-debian-clang, r-devel-linux-x86_64-debian-gcc, r-devel-linux-x86_64-fedora-clang, r-devel-linux-x86_64-fedora-gcc

Version: 0.1.12
Check: Rd cross-references
Result: NOTE Undeclared packages ‘tidygraph’, ‘htmlwidgets’ in Rd xrefs Flavor: r-devel-linux-x86_64-fedora-clang