CRAN Package Check Results for Package PairViz

Last updated on 2019-08-22 22:47:01 CEST.

Flavor Version Tinstall Tcheck Ttotal Status Flags
r-devel-linux-x86_64-debian-clang 1.3.2 6.35 65.09 71.44 OK
r-devel-linux-x86_64-debian-gcc 1.3.2 5.28 50.56 55.84 OK
r-devel-linux-x86_64-fedora-clang 1.3.2 87.32 OK
r-devel-linux-x86_64-fedora-gcc 1.3.2 85.85 OK
r-devel-windows-ix86+x86_64 1.3.2 17.00 109.00 126.00 OK
r-patched-linux-x86_64 1.3.2 6.72 64.88 71.60 OK
r-patched-solaris-x86 1.3.2 127.20 OK
r-release-linux-x86_64 1.3.2 5.94 64.76 70.70 OK
r-release-windows-ix86+x86_64 1.3.2 17.00 111.00 128.00 OK
r-release-osx-x86_64 1.3.2 ERROR
r-oldrel-windows-ix86+x86_64 1.3.2 12.00 108.00 120.00 OK
r-oldrel-osx-x86_64 1.3.2 OK

Check Details

Version: 1.3.2
Check: package dependencies
Result: ERROR
    Package required but not available: ‘graph’
    
    See section ‘The DESCRIPTION file’ in the ‘Writing R Extensions’
    manual.
Flavor: r-release-osx-x86_64