CRAN Package Check Results for Package PairedData

Last updated on 2020-02-17 22:49:40 CET.

Flavor Version Tinstall Tcheck Ttotal Status Flags
r-devel-linux-x86_64-debian-clang 1.1.1 7.27 79.88 87.15 OK
r-devel-linux-x86_64-debian-gcc 1.1.1 5.64 59.26 64.90 OK
r-devel-linux-x86_64-fedora-clang 1.1.1 100.09 OK
r-devel-linux-x86_64-fedora-gcc 1.1.1 98.23 OK
r-devel-windows-ix86+x86_64 1.1.1 13.00 91.00 104.00 OK
r-devel-windows-ix86+x86_64-gcc8 1.1.1 23.00 143.00 166.00 OK
r-patched-linux-x86_64 1.1.1 5.66 67.88 73.54 OK
r-patched-solaris-x86 1.1.1 129.30 OK
r-release-linux-x86_64 1.1.1 5.30 68.09 73.39 OK
r-release-windows-ix86+x86_64 1.1.1 14.00 90.00 104.00 OK
r-release-osx-x86_64 1.1.1 OK
r-oldrel-windows-ix86+x86_64 1.1.1 10.00 78.00 88.00 WARN
r-oldrel-osx-x86_64 1.1.1 OK

Check Details

Version: 1.1.1
Check: whether package can be installed
Result: WARN
    Found the following significant warnings:
     Warning: S3 methods '[.fun_list', '[.grouped_df', 'all.equal.tbl_df', 'anti_join.data.frame', 'anti_join.tbl_df', 'arrange.data.frame', 'arrange.default', 'arrange.grouped_df', 'arrange.tbl_df', 'arrange_.data.frame', 'arrange_.tbl_df', 'as.data.frame.grouped_df', 'as.data.frame.rowwise_df', 'as.data.frame.tbl_cube', 'as.table.tbl_cube', 'as.tbl.data.frame', 'as.tbl.tbl', 'as.tbl_cube.array', 'as.tbl_cube.data.frame', 'as.tbl_cube.matrix', 'as.tbl_cube.table', 'as_tibble.grouped_df', 'as_tibble.tbl_cube', 'auto_copy.tbl_cube', 'auto_copy.tbl_df', 'cbind.grouped_df', 'collapse.data.frame', 'collect.data.frame', 'common_by.NULL', 'common_by.character', 'common_by.default', 'common_by.list', 'compute.data.frame', 'copy_to.DBIConnection', 'copy_to.src_local', 'default_missing.data.frame', 'default_missing.default', 'dim.tbl_cube', 'distinct.data.frame', 'distinct.default', 'distinct.grouped_df', 'distinct.tbl_df', 'distinct_.data.frame', 'distinct_.grouped_df', 'distinct_.tbl_df', 'do.NULL', 'do.da [... truncated]
Flavor: r-oldrel-windows-ix86+x86_64