Last updated on 2023-09-26 23:04:20 CEST.
Flavor | Version | Tinstall | Tcheck | Ttotal | Status | Flags |
---|---|---|---|---|---|---|
r-devel-linux-x86_64-debian-clang | 2.0.1 | 69.00 | 648.83 | 717.83 | NOTE | |
r-devel-linux-x86_64-debian-gcc | 2.0.1 | 50.46 | 444.41 | 494.87 | NOTE | |
r-devel-linux-x86_64-fedora-clang | 2.0.1 | 830.84 | NOTE | |||
r-devel-linux-x86_64-fedora-gcc | 2.0.1 | 823.12 | NOTE | |||
r-devel-windows-x86_64 | 2.0.1 | 56.00 | 466.00 | 522.00 | NOTE | |
r-patched-linux-x86_64 | 2.0.1 | 70.29 | 564.13 | 634.42 | NOTE | |
r-release-linux-x86_64 | 2.0.1 | 68.27 | 565.04 | 633.31 | NOTE | |
r-release-macos-arm64 | 2.0.1 | 220.00 | NOTE | |||
r-release-macos-x86_64 | 2.0.1 | 400.00 | NOTE | |||
r-release-windows-x86_64 | 2.0.1 | 72.00 | 541.00 | 613.00 | NOTE | |
r-oldrel-macos-arm64 | 2.0.1 | 206.00 | NOTE | |||
r-oldrel-macos-x86_64 | 2.0.1 | 261.00 | NOTE | |||
r-oldrel-windows-x86_64 | 2.0.1 | 69.00 | 524.00 | 593.00 | OK |
Version: 2.0.1
Check: C++ specification
Result: NOTE
Specified C++11: please drop specification unless essential
Flavors: r-devel-linux-x86_64-debian-clang, r-devel-linux-x86_64-debian-gcc, r-devel-linux-x86_64-fedora-clang, r-devel-linux-x86_64-fedora-gcc, r-devel-windows-x86_64, r-patched-linux-x86_64, r-release-linux-x86_64, r-release-macos-arm64, r-release-macos-x86_64, r-release-windows-x86_64
Version: 2.0.1
Check: dependencies in R code
Result: NOTE
Namespace in Imports field not imported from: ‘grDevices’
All declared Imports should be used.
Flavors: r-devel-linux-x86_64-fedora-clang, r-devel-linux-x86_64-fedora-gcc, r-oldrel-macos-arm64, r-oldrel-macos-x86_64