CRAN Package Check Results for Package Paneldata

Last updated on 2021-07-31 22:53:42 CEST.

Flavor Version Tinstall Tcheck Ttotal Status Flags
r-devel-linux-x86_64-debian-clang 1.0 1.83 20.89 22.72 NOTE
r-devel-linux-x86_64-debian-gcc 1.0 1.41 16.64 18.05 NOTE
r-devel-linux-x86_64-fedora-clang 1.0 37.10 NOTE
r-devel-linux-x86_64-fedora-gcc 1.0 26.90 NOTE
r-devel-windows-x86_64 1.0 4.00 32.00 36.00 NOTE
r-devel-windows-x86_64-gcc10-UCRT 1.0 NOTE
r-patched-linux-x86_64 1.0 NOTE
r-patched-solaris-x86 1.0 41.30 NOTE
r-release-linux-x86_64 1.0 1.89 20.38 22.27 NOTE
r-release-macos-arm64 1.0 NOTE
r-release-macos-x86_64 1.0 NOTE
r-release-windows-ix86+x86_64 1.0 3.00 24.00 27.00 NOTE
r-oldrel-macos-x86_64 1.0 NOTE
r-oldrel-windows-ix86+x86_64 1.0 6.00 32.00 38.00 NOTE

Check Details

Version: 1.0
Check: DESCRIPTION meta-information
Result: NOTE
    Malformed Description field: should contain one or more complete sentences.
Flavors: r-devel-linux-x86_64-debian-clang, r-devel-linux-x86_64-debian-gcc, r-devel-linux-x86_64-fedora-clang, r-devel-linux-x86_64-fedora-gcc, r-devel-windows-x86_64, r-devel-windows-x86_64-gcc10-UCRT, r-patched-linux-x86_64, r-patched-solaris-x86, r-release-linux-x86_64, r-release-macos-arm64, r-release-macos-x86_64, r-release-windows-ix86+x86_64, r-oldrel-macos-x86_64, r-oldrel-windows-ix86+x86_64

Version: 1.0
Check: R code for possible problems
Result: NOTE
    Paneldata.formula: no visible global function definition for
     'model.frame'
    Paneldata.formula: no visible global function definition for
     'model.matrix'
    Paneldata.formula: no visible global function definition for
     'model.response'
    summary.Paneldata: no visible global function definition for 'coef'
    summary.Paneldata: no visible global function definition for 'pt'
    Undefined global functions or variables:
     coef model.frame model.matrix model.response pt
    Consider adding
     importFrom("stats", "coef", "model.frame", "model.matrix",
     "model.response", "pt")
    to your NAMESPACE file.
Flavors: r-devel-linux-x86_64-debian-clang, r-devel-linux-x86_64-debian-gcc, r-devel-linux-x86_64-fedora-clang, r-devel-linux-x86_64-fedora-gcc, r-devel-windows-x86_64, r-devel-windows-x86_64-gcc10-UCRT, r-patched-linux-x86_64, r-patched-solaris-x86, r-release-linux-x86_64, r-release-macos-arm64, r-release-macos-x86_64, r-release-windows-ix86+x86_64, r-oldrel-macos-x86_64, r-oldrel-windows-ix86+x86_64