CRAN Package Check Results for Package ParBayesianOptimization

Last updated on 2019-12-11 22:51:16 CET.

Flavor Version Tinstall Tcheck Ttotal Status Flags
r-devel-linux-x86_64-debian-clang 0.2.0 6.96 216.42 223.38 OK
r-devel-linux-x86_64-debian-gcc 0.2.0 4.73 137.37 142.10 OK
r-devel-linux-x86_64-fedora-clang 0.2.0 209.46 NOTE
r-devel-linux-x86_64-fedora-gcc 0.2.0 182.86 NOTE
r-devel-windows-ix86+x86_64 0.2.0 14.00 187.00 201.00 OK
r-devel-windows-ix86+x86_64-gcc8 0.2.0 17.00 262.00 279.00 OK
r-patched-linux-x86_64 0.2.0 6.36 143.42 149.78 OK
r-patched-solaris-x86 0.2.0 150.40 WARN
r-release-linux-x86_64 0.2.0 6.11 141.19 147.30 OK
r-release-windows-ix86+x86_64 0.2.0 17.00 177.00 194.00 OK
r-release-osx-x86_64 0.2.0 NOTE
r-oldrel-windows-ix86+x86_64 0.2.0 12.00 164.00 176.00 OK
r-oldrel-osx-x86_64 0.2.0 NOTE

Check Details

Version: 0.2.0
Check: dependencies in R code
Result: NOTE
    Namespace in Imports field not imported from: ‘ggplot2’
     All declared Imports should be used.
Flavors: r-devel-linux-x86_64-fedora-clang, r-devel-linux-x86_64-fedora-gcc, r-patched-solaris-x86, r-release-osx-x86_64, r-oldrel-osx-x86_64

Version: 0.2.0
Check: re-building of vignette outputs
Result: WARN
    Error(s) in re-building vignettes:
     ...
    --- re-building ‘multiParameterSampling.Rmd’ using rmarkdown
    Warning in engine$weave(file, quiet = quiet, encoding = enc) :
     Pandoc (>= 1.12.3) and/or pandoc-citeproc not available. Falling back to R Markdown v1.
    --- finished re-building ‘multiParameterSampling.Rmd’
    
    --- re-building ‘runningInParallel.Rmd’ using rmarkdown
    Warning in engine$weave(file, quiet = quiet, encoding = enc) :
     Pandoc (>= 1.12.3) and/or pandoc-citeproc not available. Falling back to R Markdown v1.
    Loading required package: foreach
    Loading required package: iterators
    Loading required package: parallel
    
    Running initial scoring function 10 times in 2 thread(s).
    Quitting from lines 85-97 (runningInParallel.Rmd)
    Warning in sink() : no sink to remove
    Error: processing vignette 'runningInParallel.Rmd' failed with diagnostics:
    error reading from connection
    --- failed re-building ‘runningInParallel.Rmd’
    
    --- re-building ‘savingProgress.Rmd’ using rmarkdown
    Warning in engine$weave(file, quiet = quiet, encoding = enc) :
     Pandoc (>= 1.12.3) and/or pandoc-citeproc not available. Falling back to R Markdown v1.
    --- finished re-building ‘savingProgress.Rmd’
    
    --- re-building ‘standardFeatures.Rmd’ using rmarkdown
    Warning in engine$weave(file, quiet = quiet, encoding = enc) :
     Pandoc (>= 1.12.3) and/or pandoc-citeproc not available. Falling back to R Markdown v1.
    
    Running initial scoring function 4 times in 1 thread(s).
    Error: segfault from C stack overflow
    Warning in sink() : no sink to remove
    Execution halted
    --- re-building ‘whenToStop.Rmd’ using rmarkdown
    Warning in engine$weave(file, quiet = quiet, encoding = enc) :
     Pandoc (>= 1.12.3) and/or pandoc-citeproc not available. Falling back to R Markdown v1.
    
    Running initial scoring function 4 times in 1 thread(s).
    
    Starting round number 1
     1) Fitting Gaussian process...
     2) Running local optimum search...
     3) Running scoring function 1 times in 1 thread(s)...
    
    Starting round number 2
     1) Fitting Gaussian process...
     2) Running local optimum search...
     3) Running scoring function 1 times in 1 thread(s)...
    
    Starting round number 3
     1) Fitting Gaussian process...
     2) Running local optimum search...
     3) Running scoring function 1 times in 1 thread(s)...
    
    Starting round number 4
     1) Fitting Gaussian process...
     2) Running local optimum search...
     3) Running scoring function 1 times in 1 thread(s)...
    
    Starting round number 5
     1) Fitting Gaussian process...
     2) Running local optimum search...
     3) Running scoring function 1 times in 1 thread(s)...
    
    Starting round number 6
     1) Fitting Gaussian process...
     2) Running local optimum search...
     3) Running scoring function 1 times in 1 thread(s)...
    
    Starting round number 7
     1) Fitting Gaussian process...
     2) Running local optimum search...
     3) Running scoring function 1 times in 1 thread(s)...
    
    Starting round number 8
     1) Fitting Gaussian process...
     2) Running local optimum search...
     3) Running scoring function 1 times in 1 thread(s)...
    Warning in sink() : no sink to remove
    --- finished re-building ‘whenToStop.Rmd’
    
    SUMMARY: processing the following files failed:
     ‘runningInParallel.Rmd’ ‘standardFeatures.Rmd’
    
    Error: Vignette re-building failed.
    Execution halted
Flavor: r-patched-solaris-x86