CRAN Package Check Results for Package ParBayesianOptimization

Last updated on 2019-08-18 22:47:02 CEST.

Flavor Version Tinstall Tcheck Ttotal Status Flags
r-devel-linux-x86_64-debian-clang 0.1.2 3.85 161.36 165.21 OK
r-devel-linux-x86_64-debian-gcc 0.1.2 3.00 101.48 104.48 OK
r-devel-linux-x86_64-fedora-clang 0.1.2 149.56 OK
r-devel-linux-x86_64-fedora-gcc 0.1.2 113.26 OK
r-devel-windows-ix86+x86_64 0.1.2 10.00 168.00 178.00 OK
r-patched-linux-x86_64 0.1.2 3.62 110.00 113.62 OK
r-patched-solaris-x86 0.1.2 102.70 WARN
r-release-linux-x86_64 0.1.2 2.61 105.86 108.47 OK
r-release-windows-ix86+x86_64 0.1.2 6.00 121.00 127.00 OK
r-release-osx-x86_64 0.1.2 OK
r-oldrel-windows-ix86+x86_64 0.1.2 6.00 174.00 180.00 OK
r-oldrel-osx-x86_64 0.1.2 OK

Check Details

Version: 0.1.2
Check: re-building of vignette outputs
Result: WARN
    Error(s) in re-building vignettes:
     ...
    --- re-building ‘advancedFeatures.Rmd’ using rmarkdown
    Warning in engine$weave(file, quiet = quiet, encoding = enc) :
     Pandoc (>= 1.12.3) and/or pandoc-citeproc not available. Falling back to R Markdown v1.
    Loading required package: foreach
    Loading required package: iterators
    Loading required package: parallel
    Quitting from lines 81-95 (advancedFeatures.Rmd)
    Error: processing vignette 'advancedFeatures.Rmd' failed with diagnostics:
    error reading from connection
    --- failed re-building ‘advancedFeatures.Rmd’
    
    --- re-building ‘standardFeatures.Rmd’ using rmarkdown
    Warning in engine$weave(file, quiet = quiet, encoding = enc) :
     Pandoc (>= 1.12.3) and/or pandoc-citeproc not available. Falling back to R Markdown v1.
    Error: segfault from C stack overflow
    Execution halted
    SUMMARY: processing the following files failed:
     ‘advancedFeatures.Rmd’ ‘standardFeatures.Rmd’
    
    Error: Vignette re-building failed.
    Execution halted
Flavor: r-patched-solaris-x86