CRAN Package Check Results for Package Patterns

Last updated on 2019-08-20 22:47:22 CEST.

Flavor Version Tinstall Tcheck Ttotal Status Flags
r-devel-linux-x86_64-debian-clang 1.0 11.96 125.16 137.12 OK
r-devel-linux-x86_64-debian-gcc 1.0 10.61 98.93 109.54 OK
r-devel-linux-x86_64-fedora-clang 1.0 174.32 NOTE
r-devel-linux-x86_64-fedora-gcc 1.0 172.50 NOTE
r-devel-windows-ix86+x86_64 1.0 31.00 204.00 235.00 OK
r-patched-linux-x86_64 1.0 11.76 122.82 134.58 OK
r-patched-solaris-x86 1.0 274.00 NOTE
r-release-linux-x86_64 1.0 13.18 122.28 135.46 OK
r-release-windows-ix86+x86_64 1.0 23.00 145.00 168.00 OK
r-release-osx-x86_64 1.0 ERROR
r-oldrel-windows-ix86+x86_64 1.0 21.00 179.00 200.00 OK
r-oldrel-osx-x86_64 1.0 ERROR

Check Details

Version: 1.0
Check: dependencies in R code
Result: NOTE
    Namespaces in Imports field not imported from:
     ‘Biobase’ ‘KernSmooth’ ‘Mfuzz’ ‘SelectBoost’ ‘animation’ ‘c060’
     ‘cluster’ ‘gplots’ ‘grid’ ‘jetset’
     All declared Imports should be used.
Flavors: r-devel-linux-x86_64-fedora-clang, r-devel-linux-x86_64-fedora-gcc, r-patched-solaris-x86

Version: 1.0
Check: package dependencies
Result: ERROR
    Packages required but not available:
     'Biobase', 'jetset', 'limma', 'Mfuzz', 'SelectBoost', 'WGCNA'
    
    Package suggested but not available for checking: ‘biomaRt’
    
    See section ‘The DESCRIPTION file’ in the ‘Writing R Extensions’
    manual.
Flavor: r-release-osx-x86_64

Version: 1.0
Check: package dependencies
Result: ERROR
    Package required but not available: ‘Mfuzz’
    
    See section ‘The DESCRIPTION file’ in the ‘Writing R Extensions’
    manual.
Flavor: r-oldrel-osx-x86_64