CRAN Package Check Results for Package Patterns

Last updated on 2019-12-10 22:49:41 CET.

Flavor Version Tinstall Tcheck Ttotal Status Flags
r-devel-linux-x86_64-debian-clang 1.2 11.62 135.68 147.30 OK
r-devel-linux-x86_64-debian-gcc 1.2 11.71 107.40 119.11 OK
r-devel-linux-x86_64-fedora-clang 1.2 194.05 NOTE
r-devel-linux-x86_64-fedora-gcc 1.2 181.30 NOTE
r-devel-windows-ix86+x86_64 1.2 30.00 154.00 184.00 OK
r-devel-windows-ix86+x86_64-gcc8 1.2 28.00 158.00 186.00 OK
r-patched-linux-x86_64 1.2 11.11 123.09 134.20 OK
r-patched-solaris-x86 1.2 237.80 NOTE
r-release-linux-x86_64 1.2 10.52 122.23 132.75 OK
r-release-windows-ix86+x86_64 1.2 19.00 136.00 155.00 OK
r-release-osx-x86_64 1.2 ERROR
r-oldrel-windows-ix86+x86_64 1.2 13.00 123.00 136.00 OK
r-oldrel-osx-x86_64 1.2 ERROR

Check Details

Version: 1.2
Check: dependencies in R code
Result: NOTE
    Namespaces in Imports field not imported from:
     ‘Biobase’ ‘KernSmooth’ ‘Mfuzz’ ‘SelectBoost’ ‘animation’ ‘c060’
     ‘cluster’ ‘gplots’ ‘grid’ ‘jetset’
     All declared Imports should be used.
Flavors: r-devel-linux-x86_64-fedora-clang, r-devel-linux-x86_64-fedora-gcc, r-patched-solaris-x86

Version: 1.2
Check: package dependencies
Result: ERROR
    Packages required but not available: 'jetset', 'Mfuzz', 'WGCNA'
    
    See section ‘The DESCRIPTION file’ in the ‘Writing R Extensions’
    manual.
Flavor: r-release-osx-x86_64

Version: 1.2
Check: package dependencies
Result: ERROR
    Package required but not available: ‘Mfuzz’
    
    See section ‘The DESCRIPTION file’ in the ‘Writing R Extensions’
    manual.
Flavor: r-oldrel-osx-x86_64