CRAN Package Check Results for Package Patterns

Last updated on 2021-10-19 22:54:04 CEST.

Flavor Version Tinstall Tcheck Ttotal Status Flags
r-devel-linux-x86_64-debian-clang 1.3 13.38 148.36 161.74 OK
r-devel-linux-x86_64-debian-gcc 1.3 11.41 113.09 124.50 OK
r-devel-linux-x86_64-fedora-clang 1.3 215.16 NOTE
r-devel-linux-x86_64-fedora-gcc 1.3 194.38 NOTE
r-devel-windows-x86_64 1.3 25.00 199.00 224.00 OK
r-devel-windows-x86_64-gcc10-UCRT 1.3 NOTE
r-patched-linux-x86_64 1.3 12.27 143.17 155.44 OK
r-patched-solaris-x86 1.3 297.10 NOTE
r-release-linux-x86_64 1.3 13.37 143.98 157.35 OK
r-release-macos-arm64 1.3 NOTE
r-release-macos-x86_64 1.3 ERROR
r-release-windows-ix86+x86_64 1.3 35.00 194.00 229.00 OK
r-oldrel-macos-x86_64 1.3 ERROR
r-oldrel-windows-ix86+x86_64 1.3 30.00 189.00 219.00 OK

Check Details

Version: 1.3
Check: dependencies in R code
Result: NOTE
    Namespaces in Imports field not imported from:
     ‘KernSmooth’ ‘Mfuzz’ ‘SelectBoost’ ‘gplots’ ‘grid’ ‘jetset’ ‘magic’
     ‘msgps’ ‘splines’ ‘stats4’ ‘survival’
     All declared Imports should be used.
Flavors: r-devel-linux-x86_64-fedora-clang, r-devel-linux-x86_64-fedora-gcc, r-devel-windows-x86_64-gcc10-UCRT, r-patched-solaris-x86, r-release-macos-arm64

Version: 1.3
Check: package dependencies
Result: ERROR
    Packages required but not available: 'jetset', 'Mfuzz', 'WGCNA'
    
    See section ‘The DESCRIPTION file’ in the ‘Writing R Extensions’
    manual.
Flavor: r-release-macos-x86_64

Version: 1.3
Check: package dependencies
Result: ERROR
    Package required but not available: ‘Mfuzz’
    
    See section ‘The DESCRIPTION file’ in the ‘Writing R Extensions’
    manual.
Flavor: r-oldrel-macos-x86_64