CRAN Package Check Results for Package PeakSegDisk

Last updated on 2021-08-01 22:49:56 CEST.

Flavor Version Tinstall Tcheck Ttotal Status Flags
r-devel-linux-x86_64-debian-clang 2020.8.13 7.10 122.93 130.03 OK
r-devel-linux-x86_64-debian-gcc 2020.8.13 4.67 91.86 96.53 OK
r-devel-linux-x86_64-fedora-clang 2020.8.13 177.87 OK
r-devel-linux-x86_64-fedora-gcc 2020.8.13 149.09 OK
r-devel-windows-x86_64 2020.8.13 9.00 189.00 198.00 OK
r-devel-windows-x86_64-gcc10-UCRT 2020.8.13 OK
r-patched-linux-x86_64 2020.8.13 OK
r-patched-solaris-x86 2020.8.13 237.00 OK
r-release-linux-x86_64 2020.8.13 6.24 117.66 123.90 OK
r-release-macos-arm64 2020.8.13 WARN
r-release-macos-x86_64 2020.8.13 OK
r-release-windows-ix86+x86_64 2020.8.13 18.00 204.00 222.00 OK
r-oldrel-macos-x86_64 2020.8.13 OK
r-oldrel-windows-ix86+x86_64 2020.8.13 14.00 219.00 233.00 OK

Check Details

Version: 2020.8.13
Check: re-building of vignette outputs
Result: WARN
    Error(s) in re-building vignettes:
     ...
    --- re-building ‘Examples.Rnw’ using knitr
    --- finished re-building ‘Examples.Rnw’
    
    --- re-building ‘Spatial_correlation.Rmd’ using knitr
    Quitting from lines 105-123 (Spatial_correlation.Rmd)
    Error: processing vignette 'Spatial_correlation.Rmd' failed with diagnostics:
    polygon edge not found
    --- failed re-building ‘Spatial_correlation.Rmd’
    
    --- re-building ‘Worst_case.Rmd’ using knitr
    Quitting from lines 67-99 (Worst_case.Rmd)
    Error: processing vignette 'Worst_case.Rmd' failed with diagnostics:
    polygon edge not found
    --- failed re-building ‘Worst_case.Rmd’
    
    SUMMARY: processing the following files failed:
     ‘Spatial_correlation.Rmd’ ‘Worst_case.Rmd’
    
    Error: Vignette re-building failed.
    Execution halted
Flavor: r-release-macos-arm64