CRAN Package Check Results for Package PenCoxFrail

Last updated on 2019-07-17 22:54:36 CEST.

Flavor Version Tinstall Tcheck Ttotal Status Flags
r-devel-linux-x86_64-debian-clang 1.0.1 29.35 56.27 85.62 OK
r-devel-linux-x86_64-debian-gcc 1.0.1 23.78 45.95 69.73 OK
r-devel-linux-x86_64-fedora-clang 1.0.1 111.61 NOTE
r-devel-linux-x86_64-fedora-gcc 1.0.1 111.13 NOTE
r-devel-windows-ix86+x86_64 1.0.1 82.00 124.00 206.00 OK
r-patched-linux-x86_64 1.0.1 27.46 56.57 84.03 OK
r-patched-solaris-x86 1.0.1 149.90 OK
r-release-linux-x86_64 1.0.1 27.77 56.28 84.05 OK
r-release-windows-ix86+x86_64 1.0.1 61.00 132.00 193.00 OK
r-release-osx-x86_64 1.0.1 OK
r-oldrel-windows-ix86+x86_64 1.0.1 50.00 106.00 156.00 OK
r-oldrel-osx-x86_64 1.0.1 OK

Check Details

Version: 1.0.1
Check: compiled code
Result: NOTE
    File ‘PenCoxFrail/libs/PenCoxFrail.so’:
     Found no calls to: ‘R_registerRoutines’, ‘R_useDynamicSymbols’
    
    It is good practice to register native routines and to disable symbol
    search.
    
    See ‘Writing portable packages’ in the ‘Writing R Extensions’ manual.
Flavors: r-devel-linux-x86_64-fedora-clang, r-devel-linux-x86_64-fedora-gcc