CRAN Package Check Results for Package PerformanceAnalytics

Last updated on 2024-04-18 22:52:52 CEST.

Flavor Version Tinstall Tcheck Ttotal Status Flags
r-devel-linux-x86_64-debian-clang 2.0.4 22.36 386.82 409.18 NOTE
r-devel-linux-x86_64-debian-gcc 2.0.4 20.57 273.49 294.06 NOTE
r-devel-linux-x86_64-fedora-clang 2.0.4 492.54 NOTE
r-devel-linux-x86_64-fedora-gcc 2.0.4 495.44 NOTE
r-prerel-macos-arm64 2.0.4 148.00 NOTE
r-prerel-windows-x86_64 2.0.4 25.00 209.00 234.00 NOTE --no-vignettes
r-patched-linux-x86_64 2.0.4 28.71 368.74 397.45 NOTE
r-release-linux-x86_64 2.0.4 27.09 359.10 386.19 NOTE
r-release-macos-arm64 2.0.4 186.00 NOTE
r-release-macos-x86_64 2.0.4 317.00 NOTE
r-release-windows-x86_64 2.0.4 35.00 222.00 257.00 NOTE --no-vignettes
r-oldrel-macos-arm64 2.0.4 167.00 OK
r-oldrel-windows-x86_64 2.0.4 34.00 201.00 235.00 OK --no-vignettes

Additional issues

noLD noSuggests

Check Details

Version: 2.0.4
Check: Rd files
Result: NOTE checkRd: (-1) CAPM.RiskPremium.Rd:67: Escaped LaTeX specials: \& checkRd: (-1) Return.portfolio.Rd:109: Lost braces in \itemize; meant \describe ? checkRd: (-1) Return.portfolio.Rd:110-113: Lost braces in \itemize; meant \describe ? checkRd: (-1) Return.portfolio.Rd:114-118: Lost braces in \itemize; meant \describe ? checkRd: (-1) Return.portfolio.Rd:119-122: Lost braces in \itemize; meant \describe ? checkRd: (-1) Return.portfolio.Rd:123-129: Lost braces in \itemize; meant \describe ? checkRd: (-1) Return.portfolio.Rd:130-132: Lost braces in \itemize; meant \describe ? checkRd: (-1) chart.ECDF.Rd:31: Escaped LaTeX specials: \# checkRd: (-1) managers.Rd:8: Escaped LaTeX specials: \& Flavors: r-devel-linux-x86_64-debian-clang, r-devel-linux-x86_64-debian-gcc, r-devel-linux-x86_64-fedora-clang, r-devel-linux-x86_64-fedora-gcc, r-prerel-macos-arm64, r-patched-linux-x86_64

Version: 2.0.4
Check: HTML version of manual
Result: NOTE Found the following HTML validation problems: Return.Geltner.html:58:32 (Return.Geltner.Rd:27): Warning: trimming empty <code> centeredmoments.html:24:32 (centeredmoments.Rd:37): Warning: trimming empty <code> Flavors: r-devel-linux-x86_64-debian-clang, r-devel-linux-x86_64-debian-gcc, r-devel-linux-x86_64-fedora-clang, r-devel-linux-x86_64-fedora-gcc, r-patched-linux-x86_64

Version: 2.0.4
Check: Rd cross-references
Result: NOTE Undeclared packages ‘timeSeries’, ‘tseries’, ‘car’, ‘gplots’ in Rd xrefs Flavor: r-devel-linux-x86_64-fedora-clang

Version: 2.0.4
Flags: --no-vignettes
Check: Rd files
Result: NOTE checkRd: (-1) CAPM.RiskPremium.Rd:67: Escaped LaTeX specials: \& checkRd: (-1) Return.portfolio.Rd:109: Lost braces in \itemize; meant \describe ? checkRd: (-1) Return.portfolio.Rd:110-113: Lost braces in \itemize; meant \describe ? checkRd: (-1) Return.portfolio.Rd:114-118: Lost braces in \itemize; meant \describe ? checkRd: (-1) Return.portfolio.Rd:119-122: Lost braces in \itemize; meant \describe ? checkRd: (-1) Return.portfolio.Rd:123-129: Lost braces in \itemize; meant \describe ? checkRd: (-1) Return.portfolio.Rd:130-132: Lost braces in \itemize; meant \describe ? checkRd: (-1) chart.ECDF.Rd:31: Escaped LaTeX specials: \# checkRd: (-1) managers.Rd:8: Escaped LaTeX specials: \& Flavor: r-prerel-windows-x86_64

Version: 2.0.4
Flags: --no-vignettes
Check: HTML version of manual
Result: NOTE Found the following HTML validation problems: Return.Geltner.html:58:32 (Return.Geltner.Rd:27): Warning: trimming empty <code> centeredmoments.html:24:32 (centeredmoments.Rd:37): Warning: trimming empty <code> Flavor: r-prerel-windows-x86_64

Version: 2.0.4
Check: Rd files
Result: NOTE checkRd: (-1) CAPM.RiskPremium.Rd:67: Escaped LaTeX specials: \& checkRd: (-1) chart.ECDF.Rd:31: Escaped LaTeX specials: \# checkRd: (-1) managers.Rd:8: Escaped LaTeX specials: \& Flavors: r-release-linux-x86_64, r-release-macos-arm64, r-release-macos-x86_64

Version: 2.0.4
Flags: --no-vignettes
Check: Rd files
Result: NOTE checkRd: (-1) CAPM.RiskPremium.Rd:67: Escaped LaTeX specials: \& checkRd: (-1) chart.ECDF.Rd:31: Escaped LaTeX specials: \# checkRd: (-1) managers.Rd:8: Escaped LaTeX specials: \& Flavor: r-release-windows-x86_64