CRAN Package Check Results for Package PersomicsArray

Last updated on 2020-02-24 22:50:31 CET.

Flavor Version Tinstall Tcheck Ttotal Status Flags
r-devel-linux-x86_64-debian-clang 1.0 8.85 75.73 84.58 OK
r-devel-linux-x86_64-debian-gcc 1.0 9.37 58.61 67.98 OK
r-devel-linux-x86_64-fedora-clang 1.0 110.57 WARN
r-devel-linux-x86_64-fedora-gcc 1.0 109.99 WARN
r-devel-windows-ix86+x86_64 1.0 17.00 76.00 93.00 OK
r-devel-windows-ix86+x86_64-gcc8 1.0 26.00 115.00 141.00 OK
r-patched-linux-x86_64 1.0 10.09 65.40 75.49 OK
r-patched-solaris-x86 1.0 137.80 OK
r-release-linux-x86_64 1.0 9.17 65.26 74.43 OK
r-release-windows-ix86+x86_64 1.0 16.00 73.00 89.00 OK
r-release-osx-x86_64 1.0 OK
r-oldrel-windows-ix86+x86_64 1.0 11.00 73.00 84.00 OK
r-oldrel-osx-x86_64 1.0 OK

Check Details

Version: 1.0
Check: whether package can be installed
Result: WARN
    Found the following significant warnings:
     Warning: namespace ‘rgdal’ is not available and has been replaced
Flavors: r-devel-linux-x86_64-fedora-clang, r-devel-linux-x86_64-fedora-gcc