CRAN Package Check Results for Package PhenotypeSimulator

Last updated on 2019-09-17 22:48:14 CEST.

Flavor Version Tinstall Tcheck Ttotal Status Flags
r-devel-linux-x86_64-debian-clang 0.3.3 25.81 206.43 232.24 OK
r-devel-linux-x86_64-debian-gcc 0.3.3 20.90 157.95 178.85 OK
r-devel-linux-x86_64-fedora-clang 0.3.3 163.22 NOTE
r-devel-linux-x86_64-fedora-gcc 0.3.3 155.29 OK
r-devel-windows-ix86+x86_64 0.3.3 82.00 399.00 481.00 NOTE
r-patched-linux-x86_64 0.3.3 22.52 197.53 220.05 OK
r-patched-solaris-x86 0.3.3 304.70 NOTE
r-release-linux-x86_64 0.3.3 23.18 196.59 219.77 OK
r-release-windows-ix86+x86_64 0.3.3 51.00 289.00 340.00 NOTE
r-release-osx-x86_64 0.3.3 ERROR
r-oldrel-windows-ix86+x86_64 0.3.3 68.00 366.00 434.00 NOTE
r-oldrel-osx-x86_64 0.3.3 WARN

Check Details

Version: 0.3.3
Check: installed package size
Result: NOTE
     installed size is 5.5Mb
     sub-directories of 1Mb or more:
     doc 1.5Mb
     extdata 3.1Mb
Flavors: r-devel-linux-x86_64-fedora-clang, r-devel-windows-ix86+x86_64, r-patched-solaris-x86, r-release-windows-ix86+x86_64, r-oldrel-windows-ix86+x86_64, r-oldrel-osx-x86_64

Version: 0.3.3
Check: package dependencies
Result: ERROR
    Package required but not available: ‘snpStats’
    
    See section ‘The DESCRIPTION file’ in the ‘Writing R Extensions’
    manual.
Flavor: r-release-osx-x86_64

Version: 0.3.3
Check: re-building of vignette outputs
Result: WARN
    Error in re-building vignettes:
     ...
    Warning in engine$weave(file, quiet = quiet, encoding = enc) :
     Pandoc (>= 1.12.3) and/or pandoc-citeproc not available. Falling back to R Markdown v1.
    Warning in engine$weave(file, quiet = quiet, encoding = enc) :
     Pandoc (>= 1.12.3) and/or pandoc-citeproc not available. Falling back to R Markdown v1.
    Error: processing vignette 'Sample-scripts-external-genotype-simulation.Rmd' failed with diagnostics:
    Failed to locate the ‘weave’ output file (by engine ‘knitr::rmarkdown’) for vignette with name ‘Sample-scripts-external-genotype-simulation’. The following files exist in directory ‘.’: ‘PhenotypeSimulator.R’, ‘PhenotypeSimulator.Rmd’, ‘PhenotypeSimulator.html’, ‘PhenotypeSimulator.md’, ‘Sample-scripts-external-genotype-simulation.R’, ‘Sample-scripts-external-genotype-simulation.Rmd’, ‘Sample-scripts-external-genotype-simulation.md’, ‘Simulation-and-LinearModel.Rmd’, ‘SimulationAndLinearModel.bib’, ‘SimulationBasedOnExampleData.Rmd’, ‘Vignette-example-data.bib’, ‘genotype-simulation.bib’, ‘plos-genetics.csl’, ‘sample-scripts-external-genotype-simulation.html’
    Execution halted
Flavor: r-oldrel-osx-x86_64