CRAN Package Check Results for Package PhenotypeSimulator

Last updated on 2020-02-17 22:49:41 CET.

Flavor Version Tinstall Tcheck Ttotal Status Flags
r-devel-linux-x86_64-debian-clang 0.3.3 28.50 230.18 258.68 OK
r-devel-linux-x86_64-debian-gcc 0.3.3 22.42 171.82 194.24 OK
r-devel-linux-x86_64-fedora-clang 0.3.3 309.37 NOTE
r-devel-linux-x86_64-fedora-gcc 0.3.3 298.90 OK
r-devel-windows-ix86+x86_64 0.3.3 58.00 303.00 361.00 NOTE
r-devel-windows-ix86+x86_64-gcc8 0.3.3 95.00 422.00 517.00 NOTE
r-patched-linux-x86_64 0.3.3 26.32 200.39 226.71 OK
r-patched-solaris-x86 0.3.3 367.20 NOTE
r-release-linux-x86_64 0.3.3 22.95 199.14 222.09 OK
r-release-windows-ix86+x86_64 0.3.3 51.00 288.00 339.00 NOTE
r-release-osx-x86_64 0.3.3 WARN
r-oldrel-windows-ix86+x86_64 0.3.3 45.00 249.00 294.00 NOTE
r-oldrel-osx-x86_64 0.3.3 WARN

Check Details

Version: 0.3.3
Check: installed package size
Result: NOTE
     installed size is 5.5Mb
     sub-directories of 1Mb or more:
     doc 1.5Mb
     extdata 3.1Mb
Flavors: r-devel-linux-x86_64-fedora-clang, r-devel-windows-ix86+x86_64, r-devel-windows-ix86+x86_64-gcc8, r-patched-solaris-x86, r-release-windows-ix86+x86_64, r-release-osx-x86_64, r-oldrel-windows-ix86+x86_64, r-oldrel-osx-x86_64

Version: 0.3.3
Check: re-building of vignette outputs
Result: WARN
    Error(s) in re-building vignettes:
    --- re-building ‘PhenotypeSimulator.Rmd’ using rmarkdown
    Warning in engine$weave(file, quiet = quiet, encoding = enc) :
     Pandoc (>= 1.12.3) and/or pandoc-citeproc not available. Falling back to R Markdown v1.
    --- finished re-building ‘PhenotypeSimulator.Rmd’
    
    --- re-building ‘Sample-scripts-external-genotype-simulation.Rmd’ using rmarkdown
    Warning in engine$weave(file, quiet = quiet, encoding = enc) :
     Pandoc (>= 1.12.3) and/or pandoc-citeproc not available. Falling back to R Markdown v1.
    Error: processing vignette 'Sample-scripts-external-genotype-simulation.Rmd' failed with diagnostics:
    Failed to locate the ‘weave’ output file (by engine ‘knitr::rmarkdown’) for vignette with name ‘Sample-scripts-external-genotype-simulation’. The following files exist in directory ‘.’: ‘PhenotypeSimulator.R’, ‘PhenotypeSimulator.Rmd’, ‘PhenotypeSimulator.html’, ‘PhenotypeSimulator.md’, ‘Sample-scripts-external-genotype-simulation.R’, ‘Sample-scripts-external-genotype-simulation.Rmd’, ‘Sample-scripts-external-genotype-simulation.md’, ‘Simulation-and-LinearModel.Rmd’, ‘SimulationAndLinearModel.bib’, ‘SimulationBasedOnExampleData.Rmd’, ‘Vignette-example-data.bib’, ‘genotype-simulation.bib’, ‘plos-genetics.csl’, ‘sample-scripts-external-genotype-simulation.html’
    --- failed re-building ‘Sample-scripts-external-genotype-simulation.Rmd’
    
    --- re-building ‘Simulation-and-LinearModel.Rmd’ using rmarkdown
    Warning in engine$weave(file, quiet = quiet, encoding = enc) :
     Pandoc (>= 1.12.3) and/or pandoc-citeproc not available. Falling back to R Markdown v1.
    --- finished re-building ‘Simulation-and-LinearModel.Rmd’
    
    --- re-building ‘SimulationBasedOnExampleData.Rmd’ using rmarkdown
    Warning in engine$weave(file, quiet = quiet, encoding = enc) :
     Pandoc (>= 1.12.3) and/or pandoc-citeproc not available. Falling back to R Markdown v1.
    --- finished re-building ‘SimulationBasedOnExampleData.Rmd’
    
    SUMMARY: processing the following file failed:
     ‘Sample-scripts-external-genotype-simulation.Rmd’
    
    Error: Vignette re-building failed.
    Execution halted
Flavor: r-release-osx-x86_64

Version: 0.3.3
Check: re-building of vignette outputs
Result: WARN
    Error in re-building vignettes:
     ...
    Warning in engine$weave(file, quiet = quiet, encoding = enc) :
     Pandoc (>= 1.12.3) and/or pandoc-citeproc not available. Falling back to R Markdown v1.
    Warning in engine$weave(file, quiet = quiet, encoding = enc) :
     Pandoc (>= 1.12.3) and/or pandoc-citeproc not available. Falling back to R Markdown v1.
    Error: processing vignette 'Sample-scripts-external-genotype-simulation.Rmd' failed with diagnostics:
    Failed to locate the ‘weave’ output file (by engine ‘knitr::rmarkdown’) for vignette with name ‘Sample-scripts-external-genotype-simulation’. The following files exist in directory ‘.’: ‘PhenotypeSimulator.R’, ‘PhenotypeSimulator.Rmd’, ‘PhenotypeSimulator.html’, ‘PhenotypeSimulator.md’, ‘Sample-scripts-external-genotype-simulation.R’, ‘Sample-scripts-external-genotype-simulation.Rmd’, ‘Sample-scripts-external-genotype-simulation.md’, ‘Simulation-and-LinearModel.Rmd’, ‘SimulationAndLinearModel.bib’, ‘SimulationBasedOnExampleData.Rmd’, ‘Vignette-example-data.bib’, ‘genotype-simulation.bib’, ‘plos-genetics.csl’, ‘sample-scripts-external-genotype-simulation.html’
    Execution halted
Flavor: r-oldrel-osx-x86_64