CRAN Package Check Results for Package PhyInformR

Last updated on 2019-09-18 22:52:45 CEST.

Flavor Version Tinstall Tcheck Ttotal Status Flags
r-devel-linux-x86_64-debian-clang 1.0 9.53 72.28 81.81 NOTE
r-devel-linux-x86_64-debian-gcc 1.0 8.67 55.55 64.22 NOTE
r-devel-linux-x86_64-fedora-clang 1.0 100.82 NOTE
r-devel-linux-x86_64-fedora-gcc 1.0 97.01 NOTE
r-devel-windows-ix86+x86_64 1.0 40.00 112.00 152.00 OK
r-patched-linux-x86_64 1.0 9.94 70.76 80.70 OK
r-patched-solaris-x86 1.0 149.70 NOTE
r-release-linux-x86_64 1.0 9.98 71.38 81.36 OK
r-release-windows-ix86+x86_64 1.0 24.00 78.00 102.00 OK
r-release-osx-x86_64 1.0 FAIL
r-oldrel-windows-ix86+x86_64 1.0 17.00 81.00 98.00 OK
r-oldrel-osx-x86_64 1.0 NOTE

Check Details

Version: 1.0
Check: for non-standard things in the check directory
Result: NOTE
    Found the following files/directories:
     'output_values'
Flavors: r-devel-linux-x86_64-debian-clang, r-devel-linux-x86_64-debian-gcc, r-devel-linux-x86_64-fedora-clang, r-devel-linux-x86_64-fedora-gcc

Version: 1.0
Check: dependencies in R code
Result: NOTE
    Namespaces in Imports field not imported from:
     ‘gplots’ ‘phytools’
     All declared Imports should be used.
Flavors: r-devel-linux-x86_64-fedora-clang, r-devel-linux-x86_64-fedora-gcc, r-patched-solaris-x86, r-oldrel-osx-x86_64

Version: 1.0
Check: whether package can be installed
Result: FAIL
    
Flavor: r-release-osx-x86_64