CRAN Package Check Results for Package PhyInformR

Last updated on 2020-02-24 22:50:31 CET.

Flavor Version Tinstall Tcheck Ttotal Status Flags
r-devel-linux-x86_64-debian-clang 1.0 11.58 78.88 90.46 NOTE
r-devel-linux-x86_64-debian-gcc 1.0 9.14 60.34 69.48 NOTE
r-devel-linux-x86_64-fedora-clang 1.0 113.78 WARN
r-devel-linux-x86_64-fedora-gcc 1.0 107.38 NOTE
r-devel-windows-ix86+x86_64 1.0 21.00 80.00 101.00 OK
r-devel-windows-ix86+x86_64-gcc8 1.0 44.00 123.00 167.00 OK
r-patched-linux-x86_64 1.0 10.47 71.49 81.96 OK
r-patched-solaris-x86 1.0 156.80 NOTE
r-release-linux-x86_64 1.0 9.87 72.05 81.92 OK
r-release-windows-ix86+x86_64 1.0 18.00 78.00 96.00 OK
r-release-osx-x86_64 1.0 FAIL
r-oldrel-windows-ix86+x86_64 1.0 15.00 80.00 95.00 OK
r-oldrel-osx-x86_64 1.0 NOTE

Check Details

Version: 1.0
Check: for non-standard things in the check directory
Result: NOTE
    Found the following files/directories:
     'output_values'
Flavors: r-devel-linux-x86_64-debian-clang, r-devel-linux-x86_64-debian-gcc, r-devel-linux-x86_64-fedora-clang, r-devel-linux-x86_64-fedora-gcc

Version: 1.0
Check: package dependencies
Result: WARN
    Requires orphaned package: ‘gplots’
Flavor: r-devel-linux-x86_64-fedora-clang

Version: 1.0
Check: dependencies in R code
Result: NOTE
    Namespaces in Imports field not imported from:
     ‘gplots’ ‘phytools’
     All declared Imports should be used.
Flavors: r-devel-linux-x86_64-fedora-clang, r-devel-linux-x86_64-fedora-gcc, r-patched-solaris-x86, r-oldrel-osx-x86_64

Version: 1.0
Check: whether package can be installed
Result: FAIL
Flavor: r-release-osx-x86_64